{"id":1048,"date":"2015-12-19T19:27:26","date_gmt":"2015-12-19T19:27:26","guid":{"rendered":"http:\/\/artistdesign.de\/blog\/?page_id=1048"},"modified":"2015-12-19T19:27:26","modified_gmt":"2015-12-19T19:27:26","slug":"kalender-2016-calendar","status":"publish","type":"page","link":"https:\/\/artistdesign.de\/blog\/kalender-2016-calendar","title":{"rendered":"Kalender 2016 Calendar"},"content":{"rendered":"<p>2016 ist ein Jahr wie jedes andere und ist kein Jahr wie jedes andere.<br \/>\nSchleichend kontinuierlich vom Gewesenen zum Werdenden, dabei immer neu im Jetzt.<br \/>\nDie Kunst liegt im Innhalten, kurz nach vorne und nach hinten blicken, nicht ablenken lassen von Licht und Schatten des Vergangenen oder Kommenden.<\/p>\n<div id=\"attachment_1053\" style=\"width: 594px\" class=\"wp-caption alignleft\"><a href=\"https:\/\/artistdesign.de\/blog\/wp-content\/uploads\/2015\/12\/CRD_Kalend2016_Titel.jpg\"><img loading=\"lazy\" decoding=\"async\" aria-describedby=\"caption-attachment-1053\" class=\"size-large wp-image-1053\" title=\"Kalender-Titelbild 2016\" src=\"https:\/\/artistdesign.de\/blog\/wp-content\/uploads\/2015\/12\/CRD_Kalend2016_Titel-1024x769.jpg\" alt=\"Kalender 2016 Calendar\" width=\"584\" height=\"438\" srcset=\"https:\/\/artistdesign.de\/blog\/wp-content\/uploads\/2015\/12\/CRD_Kalend2016_Titel-1024x769.jpg 1024w, https:\/\/artistdesign.de\/blog\/wp-content\/uploads\/2015\/12\/CRD_Kalend2016_Titel-300x225.jpg 300w, https:\/\/artistdesign.de\/blog\/wp-content\/uploads\/2015\/12\/CRD_Kalend2016_Titel-399x300.jpg 399w, https:\/\/artistdesign.de\/blog\/wp-content\/uploads\/2015\/12\/CRD_Kalend2016_Titel.jpg 1920w\" sizes=\"auto, (max-width: 584px) 100vw, 584px\" \/><\/a><p id=\"caption-attachment-1053\" class=\"wp-caption-text\">12 Kalenderbilder f\u00fcr 2016<\/p><\/div>\n<p>Die Ideen dieses Kalenders habe ich hinter dem Zufall versteckt: &#8222;Aleae iactae sunt&#8220;, hat mich der besserwissende latinisierende Nachwuchs inzwischen korrigiert und das, nachdem die Druckw\u00fcrfel schon gefallen sind.<br \/>\nDer W\u00fcrfel ist f\u00fcr mich au\u00dferdem ein massives Symbol, &#8218;Raum&#8216; fassbar zu machen. Steht er erst einmal im Weg, macht er sich richtig breit. Von seinen sechs Seiten zeigt er zeitgleich im g\u00fcnstigsten Falle ohne besondere Hilfsmittel (Spiegel, Kamera, Ged\u00e4chtnis) ganze drei, im ung\u00fcnstigsten Falle aber nur eine Seite. Daher ist Vorsicht geboten, die H\u00e4lfte seiner aktuell gezeigten Seiten, einen Raumzeit-Ausschnitt, f\u00fcr die gesamte Wirklichkeit zu halten!<\/p>\n<p>Nat\u00fcrlich muss ich zugeben, dass der W\u00fcrfel als Tr\u00e4ger von nur 6 Seiten als Kalender-Darsteller nur bedingt geeignet ist, da\u00a0 er allein nur f\u00fcr ein halbes Jahr reicht, au\u00dfer: Wir nehmen die Innenfl\u00e4chen hinzu, gehen in den Kubus hinein oder lassen diesen im dreidimensionalen Raum &#8218;umklappen&#8216; in der zweiten Jahresh\u00e4lfte.<\/p>\n<p>Nat\u00fcrlich ist ein etwas komplizierteres Polyeder als Kalendertr\u00e4ger denkbar: Das Pentagondodekaeder, bestehend aus 12 regelm\u00e4\u00dfen F\u00fcnfecken. Als Platonischer K\u00f6rper hat er seine eigene Sch\u00f6nheit und Eigenschaften, die bisher allenfalls mathematisch erforscht sind.<\/p>\n<p>&nbsp;<\/p>\n<p>&nbsp;<\/p>\n<p>&nbsp;<\/p>\n<p>&nbsp;<\/p>\n<p>&nbsp;<\/p>\n<p>&nbsp;<\/p>\n","protected":false},"excerpt":{"rendered":"<p>2016 ist ein Jahr wie jedes andere und ist kein Jahr wie jedes andere. Schleichend kontinuierlich vom Gewesenen zum Werdenden, dabei immer neu im Jetzt. Die Kunst liegt im Innhalten, kurz nach vorne und nach hinten blicken, nicht ablenken lassen von Licht und Schatten des Vergangenen oder Kommenden. Die Ideen dieses Kalenders habe ich hinter&hellip; <br \/> <a class=\"read-more\" href=\"https:\/\/artistdesign.de\/blog\/kalender-2016-calendar\">Weiterlesen<\/a><\/p>\n","protected":false},"author":2,"featured_media":0,"parent":0,"menu_order":0,"comment_status":"open","ping_status":"closed","template":"sidebar-page.php","meta":{"ngg_post_thumbnail":0,"footnotes":""},"class_list":["post-1048","page","type-page","status-publish","hentry"],"_links":{"self":[{"href":"https:\/\/artistdesign.de\/blog\/wp-json\/wp\/v2\/pages\/1048","targetHints":{"allow":["GET"]}}],"collection":[{"href":"https:\/\/artistdesign.de\/blog\/wp-json\/wp\/v2\/pages"}],"about":[{"href":"https:\/\/artistdesign.de\/blog\/wp-json\/wp\/v2\/types\/page"}],"author":[{"embeddable":true,"href":"https:\/\/artistdesign.de\/blog\/wp-json\/wp\/v2\/users\/2"}],"replies":[{"embeddable":true,"href":"https:\/\/artistdesign.de\/blog\/wp-json\/wp\/v2\/comments?post=1048"}],"version-history":[{"count":5,"href":"https:\/\/artistdesign.de\/blog\/wp-json\/wp\/v2\/pages\/1048\/revisions"}],"predecessor-version":[{"id":1090,"href":"https:\/\/artistdesign.de\/blog\/wp-json\/wp\/v2\/pages\/1048\/revisions\/1090"}],"wp:attachment":[{"href":"https:\/\/artistdesign.de\/blog\/wp-json\/wp\/v2\/media?parent=1048"}],"curies":[{"name":"wp","href":"https:\/\/api.w.org\/{rel}","templated":true}]}}