{"id":1289,"date":"2016-12-30T20:38:13","date_gmt":"2016-12-30T20:38:13","guid":{"rendered":"http:\/\/artistdesign.de\/blog\/?page_id=1289"},"modified":"2017-11-03T15:18:46","modified_gmt":"2017-11-03T15:18:46","slug":"kalender-2017-calendar","status":"publish","type":"page","link":"https:\/\/artistdesign.de\/blog\/kalender-2017-calendar","title":{"rendered":"Kalender 2017 Calendar"},"content":{"rendered":"<p>Ich hoffe f\u00fcr 2017, dass das Postfaktische als Charakteristikum des Jahres 2016 keine dauerhafte Erscheinung bleibt, sondern dass sich die kreativen, den eigentlichen Zeitgeist formenden Kr\u00e4fte durchsetzen werden.<br \/>\nMein diesj\u00e4hriger Kalender zeigt neben weitschweifenden landschaftliche Formationen n\u00e4her herangezogene Teile einer mehr oder weniger &#8218;faktischen&#8216; Realit\u00e4t.<\/p>\n<div id=\"attachment_1182\" style=\"width: 594px\" class=\"wp-caption alignleft\"><a href=\"https:\/\/artistdesign.de\/blog\/wp-content\/uploads\/2016\/12\/CRD_Kalend2017_Titel.jpg\"><img loading=\"lazy\" decoding=\"async\" aria-describedby=\"caption-attachment-1182\" class=\"wp-image-1182 size-large\" title=\"Kalender-Titelbild 2016\" src=\"https:\/\/artistdesign.de\/blog\/wp-content\/uploads\/2016\/12\/CRD_Kalend2017_Titel-1024x724.jpg\" width=\"584\" height=\"413\" srcset=\"https:\/\/artistdesign.de\/blog\/wp-content\/uploads\/2016\/12\/CRD_Kalend2017_Titel-1024x724.jpg 1024w, https:\/\/artistdesign.de\/blog\/wp-content\/uploads\/2016\/12\/CRD_Kalend2017_Titel-300x212.jpg 300w, https:\/\/artistdesign.de\/blog\/wp-content\/uploads\/2016\/12\/CRD_Kalend2017_Titel-768x543.jpg 768w, https:\/\/artistdesign.de\/blog\/wp-content\/uploads\/2016\/12\/CRD_Kalend2017_Titel-424x300.jpg 424w, https:\/\/artistdesign.de\/blog\/wp-content\/uploads\/2016\/12\/CRD_Kalend2017_Titel.jpg 1920w\" sizes=\"auto, (max-width: 584px) 100vw, 584px\" \/><\/a><p id=\"caption-attachment-1182\" class=\"wp-caption-text\">\u00a0\u00a0\u00a0\u00a0\u00a0 \u00a1MAGO ERGO SUM!<\/p><\/div>\n<p>Wie vielen inzwischen bekannt ist, geht es bei meinen manipulierten Bildwelten nicht um den Selbstzweck des Eingreifens, vielmehr ist die vorgefundene Wirklichkeit in vielen F\u00e4llen nicht expressiv genug. Sie muss bildnerisch verdichtet werden, um im Verborgenen liegende Kraftfelder sichtbar zu machen.<\/p>\n<p>Das Motto &#8218;iMago Ergo Sum&#8216; stellt einen krassen Gegensatz zum bekannten cartesianischen\u00a0 &#8218;Cogito ergo sum&#8216; dar, da es die andere Seite des menschlichen Seins betont, die der magischen Einheit allen Sein. Das Bilden, das Bild (imago) ist hervorragend geeignet, die Dualit\u00e4t von Geist und Materie, von Denken und F\u00fchlen zu \u00fcberwinden.<\/p>\n<p>&nbsp;<\/p>\n<p>&nbsp;<\/p>\n<p>&nbsp;<\/p>\n<p>&nbsp;<\/p>\n<p>&nbsp;<\/p>\n<p>&nbsp;<\/p>\n","protected":false},"excerpt":{"rendered":"<p>Ich hoffe f\u00fcr 2017, dass das Postfaktische als Charakteristikum des Jahres 2016 keine dauerhafte Erscheinung bleibt, sondern dass sich die kreativen, den eigentlichen Zeitgeist formenden Kr\u00e4fte durchsetzen werden. Mein diesj\u00e4hriger Kalender zeigt neben weitschweifenden landschaftliche Formationen n\u00e4her herangezogene Teile einer mehr oder weniger &#8218;faktischen&#8216; Realit\u00e4t. Wie vielen inzwischen bekannt ist, geht es bei meinen manipulierten&hellip; <br \/> <a class=\"read-more\" href=\"https:\/\/artistdesign.de\/blog\/kalender-2017-calendar\">Weiterlesen<\/a><\/p>\n","protected":false},"author":2,"featured_media":0,"parent":0,"menu_order":0,"comment_status":"closed","ping_status":"closed","template":"sidebar-page.php","meta":{"ngg_post_thumbnail":0,"footnotes":""},"class_list":["post-1289","page","type-page","status-publish","hentry"],"_links":{"self":[{"href":"https:\/\/artistdesign.de\/blog\/wp-json\/wp\/v2\/pages\/1289","targetHints":{"allow":["GET"]}}],"collection":[{"href":"https:\/\/artistdesign.de\/blog\/wp-json\/wp\/v2\/pages"}],"about":[{"href":"https:\/\/artistdesign.de\/blog\/wp-json\/wp\/v2\/types\/page"}],"author":[{"embeddable":true,"href":"https:\/\/artistdesign.de\/blog\/wp-json\/wp\/v2\/users\/2"}],"replies":[{"embeddable":true,"href":"https:\/\/artistdesign.de\/blog\/wp-json\/wp\/v2\/comments?post=1289"}],"version-history":[{"count":1,"href":"https:\/\/artistdesign.de\/blog\/wp-json\/wp\/v2\/pages\/1289\/revisions"}],"predecessor-version":[{"id":1290,"href":"https:\/\/artistdesign.de\/blog\/wp-json\/wp\/v2\/pages\/1289\/revisions\/1290"}],"wp:attachment":[{"href":"https:\/\/artistdesign.de\/blog\/wp-json\/wp\/v2\/media?parent=1289"}],"curies":[{"name":"wp","href":"https:\/\/api.w.org\/{rel}","templated":true}]}}