{"id":1541,"date":"2018-12-30T19:53:41","date_gmt":"2018-12-30T19:53:41","guid":{"rendered":"http:\/\/artistdesign.de\/blog\/?page_id=1541"},"modified":"2019-02-15T22:14:55","modified_gmt":"2019-02-15T22:14:55","slug":"wahlfreiheiten","status":"publish","type":"page","link":"https:\/\/artistdesign.de\/blog\/wahlfreiheiten","title":{"rendered":"feb Wahlfreiheiten"},"content":{"rendered":"<p>Die uns tragende Ebene scheint unendlich zu sein, wie eine euklidische Scheibe, die niemals aufgibt. Diese ist nicht g\u00e4nzlich zweidimensional, sondern reliefiert wie Spund- oder Containerw\u00e4nde. Au\u00dferdem ist sie bedruckt und einer nat\u00fcrlichen Alterung unterzogen. Sie ist dekoriert mit Objekten menschlicher Begierde, etwa einer solchen nach universeller Wahl- oder Walfreiheit, nach geisternden Schiffen und ihren Sch\u00e4tzen. Unsere Begierde geht direkt ins Herz.<\/p>\n<div id=\"attachment_1537\" style=\"width: 594px\" class=\"wp-caption alignleft\"><a href=\"https:\/\/artistdesign.de\/blog\/wp-content\/uploads\/2018\/12\/Wahl-Freiheiten_1920px.jpg\"><img loading=\"lazy\" decoding=\"async\" aria-describedby=\"caption-attachment-1537\" class=\"wp-image-1537 size-large\" title=\"Sonnen-Geflecht\" src=\"https:\/\/artistdesign.de\/blog\/wp-content\/uploads\/2018\/12\/Wahl-Freiheiten_1920px-1024x628.jpg\" alt=\"Whale\u2018s freedom\" width=\"584\" height=\"358\" srcset=\"https:\/\/artistdesign.de\/blog\/wp-content\/uploads\/2018\/12\/Wahl-Freiheiten_1920px-1024x628.jpg 1024w, https:\/\/artistdesign.de\/blog\/wp-content\/uploads\/2018\/12\/Wahl-Freiheiten_1920px-300x184.jpg 300w, https:\/\/artistdesign.de\/blog\/wp-content\/uploads\/2018\/12\/Wahl-Freiheiten_1920px-768x471.jpg 768w, https:\/\/artistdesign.de\/blog\/wp-content\/uploads\/2018\/12\/Wahl-Freiheiten_1920px-489x300.jpg 489w, https:\/\/artistdesign.de\/blog\/wp-content\/uploads\/2018\/12\/Wahl-Freiheiten_1920px.jpg 1920w\" sizes=\"auto, (max-width: 584px) 100vw, 584px\" \/><\/a><p id=\"caption-attachment-1537\" class=\"wp-caption-text\">Wahlfreiheiten | Whale\u2018s freedom | Libertad de elecci\u00f3n para todas las ballenas<\/p><\/div>\n<p>Digital Work, 2010-2018<\/p>\n<p><a title=\"Kreis zum Quadrat\" href=\"https:\/\/artistdesign.de\/blog\/alles-bereits-gelesen\">\u25c4<\/a> PREV\u00a0 \u263c\u00a0 NEXT <a title=\"Heiter bis wolkig\" href=\"https:\/\/artistdesign.de\/blog\/mar-fetz-flirr-well\">\u25ba<\/a><\/p>\n<p><iframe loading=\"lazy\" src=\"https:\/\/www.youtube.com\/embed\/pnHKpawHEik\" width=\"280\" height=\"157\" frameborder=\"0\" allowfullscreen=\"allowfullscreen\"><\/iframe><\/p>\n","protected":false},"excerpt":{"rendered":"<p>Die uns tragende Ebene scheint unendlich zu sein, wie eine euklidische Scheibe, die niemals aufgibt. Diese ist nicht g\u00e4nzlich zweidimensional, sondern reliefiert wie Spund- oder Containerw\u00e4nde. Au\u00dferdem ist sie bedruckt und einer nat\u00fcrlichen Alterung unterzogen. Sie ist dekoriert mit Objekten menschlicher Begierde, etwa einer solchen nach universeller Wahl- oder Walfreiheit, nach geisternden Schiffen und ihren&hellip; <br \/> <a class=\"read-more\" href=\"https:\/\/artistdesign.de\/blog\/wahlfreiheiten\">Weiterlesen<\/a><\/p>\n","protected":false},"author":2,"featured_media":0,"parent":0,"menu_order":0,"comment_status":"open","ping_status":"open","template":"sidebar-page.php","meta":{"ngg_post_thumbnail":0,"footnotes":""},"class_list":["post-1541","page","type-page","status-publish","hentry"],"_links":{"self":[{"href":"https:\/\/artistdesign.de\/blog\/wp-json\/wp\/v2\/pages\/1541","targetHints":{"allow":["GET"]}}],"collection":[{"href":"https:\/\/artistdesign.de\/blog\/wp-json\/wp\/v2\/pages"}],"about":[{"href":"https:\/\/artistdesign.de\/blog\/wp-json\/wp\/v2\/types\/page"}],"author":[{"embeddable":true,"href":"https:\/\/artistdesign.de\/blog\/wp-json\/wp\/v2\/users\/2"}],"replies":[{"embeddable":true,"href":"https:\/\/artistdesign.de\/blog\/wp-json\/wp\/v2\/comments?post=1541"}],"version-history":[{"count":4,"href":"https:\/\/artistdesign.de\/blog\/wp-json\/wp\/v2\/pages\/1541\/revisions"}],"predecessor-version":[{"id":1608,"href":"https:\/\/artistdesign.de\/blog\/wp-json\/wp\/v2\/pages\/1541\/revisions\/1608"}],"wp:attachment":[{"href":"https:\/\/artistdesign.de\/blog\/wp-json\/wp\/v2\/media?parent=1541"}],"curies":[{"name":"wp","href":"https:\/\/api.w.org\/{rel}","templated":true}]}}