{"id":1543,"date":"2018-12-30T19:58:50","date_gmt":"2018-12-30T19:58:50","guid":{"rendered":"http:\/\/artistdesign.de\/blog\/?page_id=1543"},"modified":"2018-12-30T22:39:49","modified_gmt":"2018-12-30T22:39:49","slug":"mar-fetz-flirr-well","status":"publish","type":"page","link":"https:\/\/artistdesign.de\/blog\/mar-fetz-flirr-well","title":{"rendered":"mar Fetz-Flirr-Well"},"content":{"rendered":"<p>Farbe wellt den Raum,<br \/>\nWelle f\u00e4rbt den Traum<br \/>\nauf die Schnelle<br \/>\nmit der Welle ohne Delle<\/p>\n<div id=\"attachment_1527\" style=\"width: 594px\" class=\"wp-caption alignleft\"><a href=\"https:\/\/artistdesign.de\/blog\/wp-content\/uploads\/2018\/12\/Fetz-Flirr-Welle_1920px.jpg\"><img loading=\"lazy\" decoding=\"async\" aria-describedby=\"caption-attachment-1527\" class=\"wp-image-1527 size-large\" title=\"Sonnen-Geflecht\" src=\"https:\/\/artistdesign.de\/blog\/wp-content\/uploads\/2018\/12\/Fetz-Flirr-Welle_1920px-1024x628.jpg\" alt=\"Wishing waves\" width=\"584\" height=\"358\" srcset=\"https:\/\/artistdesign.de\/blog\/wp-content\/uploads\/2018\/12\/Fetz-Flirr-Welle_1920px-1024x628.jpg 1024w, https:\/\/artistdesign.de\/blog\/wp-content\/uploads\/2018\/12\/Fetz-Flirr-Welle_1920px-300x184.jpg 300w, https:\/\/artistdesign.de\/blog\/wp-content\/uploads\/2018\/12\/Fetz-Flirr-Welle_1920px-768x471.jpg 768w, https:\/\/artistdesign.de\/blog\/wp-content\/uploads\/2018\/12\/Fetz-Flirr-Welle_1920px-489x300.jpg 489w, https:\/\/artistdesign.de\/blog\/wp-content\/uploads\/2018\/12\/Fetz-Flirr-Welle_1920px.jpg 1920w\" sizes=\"auto, (max-width: 584px) 100vw, 584px\" \/><\/a><p id=\"caption-attachment-1527\" class=\"wp-caption-text\">W\u00fcnschende Wellen | Wishing waves | Ondas oscilantes<\/p><\/div>\n<p>Acryl auf Pappe, 154 x 108 cm, 2018<\/p>\n<p><a title=\"Kreis zum Quadrat\" href=\"https:\/\/artistdesign.de\/blog\/wahlfreiheiten\">\u25c4<\/a> PREV\u00a0 \u263c\u00a0 NEXT <a title=\"Heiter bis wolkig\" href=\"https:\/\/artistdesign.de\/blog\/rauschende-rollen\">\u25ba<\/a><\/p>\n<p>Bewegen wir uns in Farbfeldern im Farbraum, l\u00e4uft alles wie von allein. Bewegen wir uns auf linearen Pfeilen oder Fl\u00e4chen, f\u00fchlen wir uns beengt. Oder sicher sicher, da nichts schief gehen kann, wir selbst auch nicht.<\/p>\n","protected":false},"excerpt":{"rendered":"<p>Farbe wellt den Raum, Welle f\u00e4rbt den Traum auf die Schnelle mit der Welle ohne Delle Acryl auf Pappe, 154 x 108 cm, 2018 \u25c4 PREV\u00a0 \u263c\u00a0 NEXT \u25ba Bewegen wir uns in Farbfeldern im Farbraum, l\u00e4uft alles wie von allein. Bewegen wir uns auf linearen Pfeilen oder Fl\u00e4chen, f\u00fchlen wir uns beengt. Oder sicher&hellip; <br \/> <a class=\"read-more\" href=\"https:\/\/artistdesign.de\/blog\/mar-fetz-flirr-well\">Weiterlesen<\/a><\/p>\n","protected":false},"author":2,"featured_media":0,"parent":0,"menu_order":0,"comment_status":"open","ping_status":"open","template":"sidebar-page.php","meta":{"ngg_post_thumbnail":0,"footnotes":""},"class_list":["post-1543","page","type-page","status-publish","hentry"],"_links":{"self":[{"href":"https:\/\/artistdesign.de\/blog\/wp-json\/wp\/v2\/pages\/1543","targetHints":{"allow":["GET"]}}],"collection":[{"href":"https:\/\/artistdesign.de\/blog\/wp-json\/wp\/v2\/pages"}],"about":[{"href":"https:\/\/artistdesign.de\/blog\/wp-json\/wp\/v2\/types\/page"}],"author":[{"embeddable":true,"href":"https:\/\/artistdesign.de\/blog\/wp-json\/wp\/v2\/users\/2"}],"replies":[{"embeddable":true,"href":"https:\/\/artistdesign.de\/blog\/wp-json\/wp\/v2\/comments?post=1543"}],"version-history":[{"count":3,"href":"https:\/\/artistdesign.de\/blog\/wp-json\/wp\/v2\/pages\/1543\/revisions"}],"predecessor-version":[{"id":1578,"href":"https:\/\/artistdesign.de\/blog\/wp-json\/wp\/v2\/pages\/1543\/revisions\/1578"}],"wp:attachment":[{"href":"https:\/\/artistdesign.de\/blog\/wp-json\/wp\/v2\/media?parent=1543"}],"curies":[{"name":"wp","href":"https:\/\/api.w.org\/{rel}","templated":true}]}}