{"id":1889,"date":"2022-01-04T19:51:53","date_gmt":"2022-01-04T19:51:53","guid":{"rendered":"http:\/\/artistdesign.de\/blog\/?page_id=1889"},"modified":"2022-01-05T06:43:08","modified_gmt":"2022-01-05T06:43:08","slug":"cabeza-strelitzia","status":"publish","type":"page","link":"https:\/\/artistdesign.de\/blog\/cabeza-strelitzia","title":{"rendered":"may Head of Strelitzia"},"content":{"rendered":"<p style=\"background-color: transparent;\">Pflanzen, die pflanzen,<br \/>\nk\u00f6nnen tanzen<br \/>\nPlants that plant,<br \/>\ncan&#8217;t<br \/>\nSchn\u00e4bel, die schnabeln,<br \/>\nk\u00f6nnen tadeln<br \/>\ngreenhorn just has torn<br \/>\njust to be newborn<\/p>\n<div id=\"attachment_1866\" style=\"width: 1930px\" class=\"wp-caption alignleft\"><a href=\"https:\/\/artistdesign.de\/blog\/wp-content\/uploads\/2021\/12\/Head-Strelitzia_1920px.jpg\"><img loading=\"lazy\" decoding=\"async\" aria-describedby=\"caption-attachment-1866\" class=\"wp-image-1866 size-full\" style=\"background-color: transparent;\" src=\"https:\/\/artistdesign.de\/blog\/wp-content\/uploads\/2021\/12\/Head-Strelitzia_1920px.jpg\" alt=\"Head Strelitzia\" width=\"1920\" height=\"1177\" srcset=\"https:\/\/artistdesign.de\/blog\/wp-content\/uploads\/2021\/12\/Head-Strelitzia_1920px.jpg 1920w, https:\/\/artistdesign.de\/blog\/wp-content\/uploads\/2021\/12\/Head-Strelitzia_1920px-300x184.jpg 300w, https:\/\/artistdesign.de\/blog\/wp-content\/uploads\/2021\/12\/Head-Strelitzia_1920px-768x471.jpg 768w, https:\/\/artistdesign.de\/blog\/wp-content\/uploads\/2021\/12\/Head-Strelitzia_1920px-1024x628.jpg 1024w, https:\/\/artistdesign.de\/blog\/wp-content\/uploads\/2021\/12\/Head-Strelitzia_1920px-489x300.jpg 489w\" sizes=\"auto, (max-width: 1920px) 100vw, 1920px\" \/><\/a><p id=\"caption-attachment-1866\" class=\"wp-caption-text\">Der Kopf der Strelitzie | Strelitzia&#8217;s Head | La cabeza de la strelitzia<\/p><\/div>\n<p>Digital work on painted elements, 2016 \u2013 2021<\/p>\n<p style=\"background-color: transparent;\"><a style=\"background-color: transparent;\" href=\"https:\/\/artistdesign.de\/blog\/facts-figures\">\u25c4<\/a> PREV\u00a0 \u263c\u00a0 NEXT <a title=\"next page\" href=\"https:\/\/artistdesign.de\/blog\/crisis-crises\">\u25ba<\/a><\/p>\n","protected":false},"excerpt":{"rendered":"<p>Pflanzen, die pflanzen, k\u00f6nnen tanzen Plants that plant, can&#8217;t Schn\u00e4bel, die schnabeln, k\u00f6nnen tadeln greenhorn just has torn just to be newborn Digital work on painted elements, 2016 \u2013 2021 \u25c4 PREV\u00a0 \u263c\u00a0 NEXT \u25ba<\/p>\n","protected":false},"author":2,"featured_media":0,"parent":0,"menu_order":0,"comment_status":"open","ping_status":"closed","template":"sidebar-page.php","meta":{"ngg_post_thumbnail":0,"footnotes":""},"class_list":["post-1889","page","type-page","status-publish","hentry"],"_links":{"self":[{"href":"https:\/\/artistdesign.de\/blog\/wp-json\/wp\/v2\/pages\/1889","targetHints":{"allow":["GET"]}}],"collection":[{"href":"https:\/\/artistdesign.de\/blog\/wp-json\/wp\/v2\/pages"}],"about":[{"href":"https:\/\/artistdesign.de\/blog\/wp-json\/wp\/v2\/types\/page"}],"author":[{"embeddable":true,"href":"https:\/\/artistdesign.de\/blog\/wp-json\/wp\/v2\/users\/2"}],"replies":[{"embeddable":true,"href":"https:\/\/artistdesign.de\/blog\/wp-json\/wp\/v2\/comments?post=1889"}],"version-history":[{"count":4,"href":"https:\/\/artistdesign.de\/blog\/wp-json\/wp\/v2\/pages\/1889\/revisions"}],"predecessor-version":[{"id":1951,"href":"https:\/\/artistdesign.de\/blog\/wp-json\/wp\/v2\/pages\/1889\/revisions\/1951"}],"wp:attachment":[{"href":"https:\/\/artistdesign.de\/blog\/wp-json\/wp\/v2\/media?parent=1889"}],"curies":[{"name":"wp","href":"https:\/\/api.w.org\/{rel}","templated":true}]}}