{"id":2202,"date":"2023-12-09T16:35:48","date_gmt":"2023-12-09T16:35:48","guid":{"rendered":"https:\/\/artistdesign.de\/blog\/?page_id=2202"},"modified":"2023-12-14T11:19:09","modified_gmt":"2023-12-14T11:19:09","slug":"calendart-2024","status":"publish","type":"page","link":"https:\/\/artistdesign.de\/blog\/calendart-2024","title":{"rendered":"CALENDART 2024  MATRIX ARTMIX"},"content":{"rendered":"\n<p><\/p>\n\n\n\n<figure class=\"wp-block-image\"><a href=\"https:\/\/artistdesign.de\/blog\/wp-content\/uploads\/2023\/12\/Calendart-2024_Title_1920px.jpg\"><img loading=\"lazy\" decoding=\"async\" width=\"1920\" height=\"1177\" src=\"https:\/\/artistdesign.de\/blog\/wp-content\/uploads\/2023\/12\/Calendart-2024_Title_1920px.jpg\" alt=\"CALENDART MATRIX ART MIX\" class=\"wp-image-2207\" style=\"object-fit:cover\" srcset=\"https:\/\/artistdesign.de\/blog\/wp-content\/uploads\/2023\/12\/Calendart-2024_Title_1920px.jpg 1920w, https:\/\/artistdesign.de\/blog\/wp-content\/uploads\/2023\/12\/Calendart-2024_Title_1920px-300x184.jpg 300w, https:\/\/artistdesign.de\/blog\/wp-content\/uploads\/2023\/12\/Calendart-2024_Title_1920px-1024x628.jpg 1024w, https:\/\/artistdesign.de\/blog\/wp-content\/uploads\/2023\/12\/Calendart-2024_Title_1920px-768x471.jpg 768w, https:\/\/artistdesign.de\/blog\/wp-content\/uploads\/2023\/12\/Calendart-2024_Title_1920px-1536x942.jpg 1536w, https:\/\/artistdesign.de\/blog\/wp-content\/uploads\/2023\/12\/Calendart-2024_Title_1920px-489x300.jpg 489w\" sizes=\"auto, (max-width: 1920px) 100vw, 1920px\" \/><\/a><figcaption class=\"wp-element-caption\">Titelbild des Kunstkalenders MATRIX ART MIX<\/figcaption><\/figure>\n\n\n\n<p><strong style=\"background-color: transparent;\">12 unterschiedliche ARTEN, die Welt zu sehen:<\/strong><\/p>\n\n\n\n<div class=\"wp-block-columns is-layout-flex wp-container-core-columns-is-layout-2 wp-block-columns-is-layout-flex\">\n<div class=\"wp-block-column is-layout-flow wp-block-column-is-layout-flow\">\n<figure class=\"wp-block-image size-large\"><a href=\"https:\/\/artistdesign.de\/blog\/wp-content\/uploads\/2023\/12\/ErdGSchichten_1920px.jpg\"><img loading=\"lazy\" decoding=\"async\" width=\"1024\" height=\"628\" src=\"https:\/\/artistdesign.de\/blog\/wp-content\/uploads\/2023\/12\/ErdGSchichten_1920px-1024x628.jpg\" alt=\"ErdGSchichten\" class=\"wp-image-2256\" srcset=\"https:\/\/artistdesign.de\/blog\/wp-content\/uploads\/2023\/12\/ErdGSchichten_1920px-1024x628.jpg 1024w, https:\/\/artistdesign.de\/blog\/wp-content\/uploads\/2023\/12\/ErdGSchichten_1920px-300x184.jpg 300w, https:\/\/artistdesign.de\/blog\/wp-content\/uploads\/2023\/12\/ErdGSchichten_1920px-768x471.jpg 768w, https:\/\/artistdesign.de\/blog\/wp-content\/uploads\/2023\/12\/ErdGSchichten_1920px-1536x942.jpg 1536w, https:\/\/artistdesign.de\/blog\/wp-content\/uploads\/2023\/12\/ErdGSchichten_1920px-489x300.jpg 489w, https:\/\/artistdesign.de\/blog\/wp-content\/uploads\/2023\/12\/ErdGSchichten_1920px.jpg 1920w\" sizes=\"auto, (max-width: 1024px) 100vw, 1024px\" \/><\/a><figcaption class=\"wp-element-caption\"><a href=\"https:\/\/artistdesign.de\/blog\/erdgschichten\">ErdGSchichten<\/a><\/figcaption><\/figure>\n\n\n\n<figure class=\"wp-block-image size-large\"><a href=\"https:\/\/artistdesign.de\/blog\/wp-content\/uploads\/2023\/12\/Supranova_1920px.jpg\"><img loading=\"lazy\" decoding=\"async\" width=\"1024\" height=\"628\" src=\"https:\/\/artistdesign.de\/blog\/wp-content\/uploads\/2023\/12\/Supranova_1920px-1024x628.jpg\" alt=\"Supranova\" class=\"wp-image-2223\" srcset=\"https:\/\/artistdesign.de\/blog\/wp-content\/uploads\/2023\/12\/Supranova_1920px-1024x628.jpg 1024w, https:\/\/artistdesign.de\/blog\/wp-content\/uploads\/2023\/12\/Supranova_1920px-300x184.jpg 300w, https:\/\/artistdesign.de\/blog\/wp-content\/uploads\/2023\/12\/Supranova_1920px-768x471.jpg 768w, https:\/\/artistdesign.de\/blog\/wp-content\/uploads\/2023\/12\/Supranova_1920px-1536x942.jpg 1536w, https:\/\/artistdesign.de\/blog\/wp-content\/uploads\/2023\/12\/Supranova_1920px-489x300.jpg 489w, https:\/\/artistdesign.de\/blog\/wp-content\/uploads\/2023\/12\/Supranova_1920px.jpg 1920w\" sizes=\"auto, (max-width: 1024px) 100vw, 1024px\" \/><\/a><figcaption class=\"wp-element-caption\"><a href=\"https:\/\/artistdesign.de\/blog\/supra-nova\">Supranova<\/a><\/figcaption><\/figure>\n\n\n\n<figure class=\"wp-block-image size-large\"><a href=\"https:\/\/artistdesign.de\/blog\/wp-content\/uploads\/2023\/12\/LandKreisLaeufe_1920px.jpg\"><img loading=\"lazy\" decoding=\"async\" width=\"1024\" height=\"628\" src=\"https:\/\/artistdesign.de\/blog\/wp-content\/uploads\/2023\/12\/LandKreisLaeufe_1920px-1024x628.jpg\" alt=\"Landkreisl\u00e4ufe\" class=\"wp-image-2222\" srcset=\"https:\/\/artistdesign.de\/blog\/wp-content\/uploads\/2023\/12\/LandKreisLaeufe_1920px-1024x628.jpg 1024w, https:\/\/artistdesign.de\/blog\/wp-content\/uploads\/2023\/12\/LandKreisLaeufe_1920px-300x184.jpg 300w, https:\/\/artistdesign.de\/blog\/wp-content\/uploads\/2023\/12\/LandKreisLaeufe_1920px-768x471.jpg 768w, https:\/\/artistdesign.de\/blog\/wp-content\/uploads\/2023\/12\/LandKreisLaeufe_1920px-1536x942.jpg 1536w, https:\/\/artistdesign.de\/blog\/wp-content\/uploads\/2023\/12\/LandKreisLaeufe_1920px-489x300.jpg 489w, https:\/\/artistdesign.de\/blog\/wp-content\/uploads\/2023\/12\/LandKreisLaeufe_1920px.jpg 1920w\" sizes=\"auto, (max-width: 1024px) 100vw, 1024px\" \/><\/a><figcaption class=\"wp-element-caption\"><a href=\"https:\/\/artistdesign.de\/blog\/landkreislaeufe\">Landkreisl\u00e4ufe<\/a><\/figcaption><\/figure>\n\n\n\n<figure class=\"wp-block-image size-large\"><a href=\"https:\/\/artistdesign.de\/blog\/wp-content\/uploads\/2023\/12\/TheZeitgeist_1920px.jpg\"><img loading=\"lazy\" decoding=\"async\" width=\"1024\" height=\"628\" src=\"https:\/\/artistdesign.de\/blog\/wp-content\/uploads\/2023\/12\/TheZeitgeist_1920px-1024x628.jpg\" alt=\"Der*ie*as Zeitgeist\" class=\"wp-image-2220\" srcset=\"https:\/\/artistdesign.de\/blog\/wp-content\/uploads\/2023\/12\/TheZeitgeist_1920px-1024x628.jpg 1024w, https:\/\/artistdesign.de\/blog\/wp-content\/uploads\/2023\/12\/TheZeitgeist_1920px-300x184.jpg 300w, https:\/\/artistdesign.de\/blog\/wp-content\/uploads\/2023\/12\/TheZeitgeist_1920px-768x471.jpg 768w, https:\/\/artistdesign.de\/blog\/wp-content\/uploads\/2023\/12\/TheZeitgeist_1920px-1536x942.jpg 1536w, https:\/\/artistdesign.de\/blog\/wp-content\/uploads\/2023\/12\/TheZeitgeist_1920px-489x300.jpg 489w, https:\/\/artistdesign.de\/blog\/wp-content\/uploads\/2023\/12\/TheZeitgeist_1920px.jpg 1920w\" sizes=\"auto, (max-width: 1024px) 100vw, 1024px\" \/><\/a><figcaption class=\"wp-element-caption\"><a href=\"https:\/\/artistdesign.de\/blog\/the-zeitgeist\">Der*ie*as Zeitgeist<\/a><\/figcaption><\/figure>\n<\/div>\n\n\n\n<div class=\"wp-block-column is-layout-flow wp-block-column-is-layout-flow\">\n<figure class=\"wp-block-image size-large\"><a href=\"https:\/\/artistdesign.de\/blog\/wp-content\/uploads\/2023\/12\/Urbanisation_1920px.jpg\"><img loading=\"lazy\" decoding=\"async\" width=\"1024\" height=\"628\" src=\"https:\/\/artistdesign.de\/blog\/wp-content\/uploads\/2023\/12\/Urbanisation_1920px-1024x628.jpg\" alt=\"Urbanisation\" class=\"wp-image-2224\" srcset=\"https:\/\/artistdesign.de\/blog\/wp-content\/uploads\/2023\/12\/Urbanisation_1920px-1024x628.jpg 1024w, https:\/\/artistdesign.de\/blog\/wp-content\/uploads\/2023\/12\/Urbanisation_1920px-300x184.jpg 300w, https:\/\/artistdesign.de\/blog\/wp-content\/uploads\/2023\/12\/Urbanisation_1920px-768x471.jpg 768w, https:\/\/artistdesign.de\/blog\/wp-content\/uploads\/2023\/12\/Urbanisation_1920px-1536x942.jpg 1536w, https:\/\/artistdesign.de\/blog\/wp-content\/uploads\/2023\/12\/Urbanisation_1920px-489x300.jpg 489w, https:\/\/artistdesign.de\/blog\/wp-content\/uploads\/2023\/12\/Urbanisation_1920px.jpg 1920w\" sizes=\"auto, (max-width: 1024px) 100vw, 1024px\" \/><\/a><figcaption class=\"wp-element-caption\"><a href=\"https:\/\/artistdesign.de\/blog\/urbanisation\">Urbanisation<\/a><\/figcaption><\/figure>\n\n\n\n<figure class=\"wp-block-image size-large\"><a href=\"https:\/\/artistdesign.de\/blog\/wp-content\/uploads\/2023\/12\/FabelndeWesen_1920px.jpg\"><img loading=\"lazy\" decoding=\"async\" width=\"1024\" height=\"628\" src=\"https:\/\/artistdesign.de\/blog\/wp-content\/uploads\/2023\/12\/FabelndeWesen_1920px-1024x628.jpg\" alt=\"Fabelwesen\" class=\"wp-image-2234\" srcset=\"https:\/\/artistdesign.de\/blog\/wp-content\/uploads\/2023\/12\/FabelndeWesen_1920px-1024x628.jpg 1024w, https:\/\/artistdesign.de\/blog\/wp-content\/uploads\/2023\/12\/FabelndeWesen_1920px-300x184.jpg 300w, https:\/\/artistdesign.de\/blog\/wp-content\/uploads\/2023\/12\/FabelndeWesen_1920px-768x471.jpg 768w, https:\/\/artistdesign.de\/blog\/wp-content\/uploads\/2023\/12\/FabelndeWesen_1920px-1536x942.jpg 1536w, https:\/\/artistdesign.de\/blog\/wp-content\/uploads\/2023\/12\/FabelndeWesen_1920px-489x300.jpg 489w, https:\/\/artistdesign.de\/blog\/wp-content\/uploads\/2023\/12\/FabelndeWesen_1920px.jpg 1920w\" sizes=\"auto, (max-width: 1024px) 100vw, 1024px\" \/><\/a><figcaption class=\"wp-element-caption\"><a href=\"https:\/\/artistdesign.de\/blog\/fabel-haft\">Fabelnde Wesen<\/a><\/figcaption><\/figure>\n\n\n\n<figure class=\"wp-block-image size-large\"><a href=\"https:\/\/artistdesign.de\/blog\/wp-content\/uploads\/2023\/07\/WasserKraftLinien_2434-scaled.jpg\"><img loading=\"lazy\" decoding=\"async\" width=\"1024\" height=\"649\" src=\"https:\/\/artistdesign.de\/blog\/wp-content\/uploads\/2023\/07\/WasserKraftLinien_2434-1024x649.jpg\" alt=\"WasserKraftLinien\" class=\"wp-image-2165\" srcset=\"https:\/\/artistdesign.de\/blog\/wp-content\/uploads\/2023\/07\/WasserKraftLinien_2434-1024x649.jpg 1024w, https:\/\/artistdesign.de\/blog\/wp-content\/uploads\/2023\/07\/WasserKraftLinien_2434-300x190.jpg 300w, https:\/\/artistdesign.de\/blog\/wp-content\/uploads\/2023\/07\/WasserKraftLinien_2434-768x487.jpg 768w, https:\/\/artistdesign.de\/blog\/wp-content\/uploads\/2023\/07\/WasserKraftLinien_2434-1536x973.jpg 1536w, https:\/\/artistdesign.de\/blog\/wp-content\/uploads\/2023\/07\/WasserKraftLinien_2434-2048x1298.jpg 2048w, https:\/\/artistdesign.de\/blog\/wp-content\/uploads\/2023\/07\/WasserKraftLinien_2434-473x300.jpg 473w\" sizes=\"auto, (max-width: 1024px) 100vw, 1024px\" \/><\/a><figcaption class=\"wp-element-caption\"><a href=\"https:\/\/artistdesign.de\/blog\/wasserkraftlinien\">WasserKraftLinien<\/a><\/figcaption><\/figure>\n\n\n\n<figure class=\"wp-block-image size-large\"><a href=\"https:\/\/artistdesign.de\/blog\/wp-content\/uploads\/2023\/12\/WasserLandSchaft_1920px.jpg\"><img loading=\"lazy\" decoding=\"async\" width=\"1024\" height=\"628\" src=\"https:\/\/artistdesign.de\/blog\/wp-content\/uploads\/2023\/12\/WasserLandSchaft_1920px-1024x628.jpg\" alt=\"WasserLandSchaft\" class=\"wp-image-2225\" srcset=\"https:\/\/artistdesign.de\/blog\/wp-content\/uploads\/2023\/12\/WasserLandSchaft_1920px-1024x628.jpg 1024w, https:\/\/artistdesign.de\/blog\/wp-content\/uploads\/2023\/12\/WasserLandSchaft_1920px-300x184.jpg 300w, https:\/\/artistdesign.de\/blog\/wp-content\/uploads\/2023\/12\/WasserLandSchaft_1920px-768x471.jpg 768w, https:\/\/artistdesign.de\/blog\/wp-content\/uploads\/2023\/12\/WasserLandSchaft_1920px-1536x942.jpg 1536w, https:\/\/artistdesign.de\/blog\/wp-content\/uploads\/2023\/12\/WasserLandSchaft_1920px-489x300.jpg 489w, https:\/\/artistdesign.de\/blog\/wp-content\/uploads\/2023\/12\/WasserLandSchaft_1920px.jpg 1920w\" sizes=\"auto, (max-width: 1024px) 100vw, 1024px\" \/><\/a><figcaption class=\"wp-element-caption\"><a href=\"https:\/\/artistdesign.de\/blog\/wasserlandschaft\" data-type=\"link\" data-id=\"artistdesign.de\/blog\/wasserlandschaft\">WasserLandSchaft<\/a><\/figcaption><\/figure>\n<\/div>\n\n\n\n<div class=\"wp-block-column is-layout-flow wp-block-column-is-layout-flow\">\n<figure class=\"wp-block-image size-large\"><a href=\"https:\/\/artistdesign.de\/blog\/wp-content\/uploads\/2023\/12\/FarbFeldBogen_1920px.jpg\"><img loading=\"lazy\" decoding=\"async\" width=\"1024\" height=\"628\" src=\"https:\/\/artistdesign.de\/blog\/wp-content\/uploads\/2023\/12\/FarbFeldBogen_1920px-1024x628.jpg\" alt=\"FarbFeldBogen\" class=\"wp-image-2217\" srcset=\"https:\/\/artistdesign.de\/blog\/wp-content\/uploads\/2023\/12\/FarbFeldBogen_1920px-1024x628.jpg 1024w, https:\/\/artistdesign.de\/blog\/wp-content\/uploads\/2023\/12\/FarbFeldBogen_1920px-300x184.jpg 300w, https:\/\/artistdesign.de\/blog\/wp-content\/uploads\/2023\/12\/FarbFeldBogen_1920px-768x471.jpg 768w, https:\/\/artistdesign.de\/blog\/wp-content\/uploads\/2023\/12\/FarbFeldBogen_1920px-1536x942.jpg 1536w, https:\/\/artistdesign.de\/blog\/wp-content\/uploads\/2023\/12\/FarbFeldBogen_1920px-489x300.jpg 489w, https:\/\/artistdesign.de\/blog\/wp-content\/uploads\/2023\/12\/FarbFeldBogen_1920px.jpg 1920w\" sizes=\"auto, (max-width: 1024px) 100vw, 1024px\" \/><\/a><figcaption class=\"wp-element-caption\"><a href=\"https:\/\/artistdesign.de\/blog\/color-curved\">Campo curvo coloreado <\/a><\/figcaption><\/figure>\n\n\n\n<figure class=\"wp-block-image size-large\"><a href=\"https:\/\/artistdesign.de\/blog\/wp-content\/uploads\/2023\/12\/TropfSteinFiguren_1920px.jpg\"><img loading=\"lazy\" decoding=\"async\" width=\"1024\" height=\"628\" src=\"https:\/\/artistdesign.de\/blog\/wp-content\/uploads\/2023\/12\/TropfSteinFiguren_1920px-1024x628.jpg\" alt=\"TropfSteinFiguren\" class=\"wp-image-2221\" srcset=\"https:\/\/artistdesign.de\/blog\/wp-content\/uploads\/2023\/12\/TropfSteinFiguren_1920px-1024x628.jpg 1024w, https:\/\/artistdesign.de\/blog\/wp-content\/uploads\/2023\/12\/TropfSteinFiguren_1920px-300x184.jpg 300w, https:\/\/artistdesign.de\/blog\/wp-content\/uploads\/2023\/12\/TropfSteinFiguren_1920px-768x471.jpg 768w, https:\/\/artistdesign.de\/blog\/wp-content\/uploads\/2023\/12\/TropfSteinFiguren_1920px-1536x942.jpg 1536w, https:\/\/artistdesign.de\/blog\/wp-content\/uploads\/2023\/12\/TropfSteinFiguren_1920px-489x300.jpg 489w, https:\/\/artistdesign.de\/blog\/wp-content\/uploads\/2023\/12\/TropfSteinFiguren_1920px.jpg 1920w\" sizes=\"auto, (max-width: 1024px) 100vw, 1024px\" \/><\/a><figcaption class=\"wp-element-caption\"><a href=\"https:\/\/artistdesign.de\/blog\/tropfsteinfiguren\">Stalactite cave figures<\/a><\/figcaption><\/figure>\n\n\n\n<figure class=\"wp-block-image size-large\"><a href=\"https:\/\/artistdesign.de\/blog\/wp-content\/uploads\/2023\/12\/HeisseHeimat_1920px.jpg\"><img loading=\"lazy\" decoding=\"async\" width=\"1024\" height=\"628\" src=\"https:\/\/artistdesign.de\/blog\/wp-content\/uploads\/2023\/12\/HeisseHeimat_1920px-1024x628.jpg\" alt=\"Hei\u00dfe Heimat\" class=\"wp-image-2218\" srcset=\"https:\/\/artistdesign.de\/blog\/wp-content\/uploads\/2023\/12\/HeisseHeimat_1920px-1024x628.jpg 1024w, https:\/\/artistdesign.de\/blog\/wp-content\/uploads\/2023\/12\/HeisseHeimat_1920px-300x184.jpg 300w, https:\/\/artistdesign.de\/blog\/wp-content\/uploads\/2023\/12\/HeisseHeimat_1920px-768x471.jpg 768w, https:\/\/artistdesign.de\/blog\/wp-content\/uploads\/2023\/12\/HeisseHeimat_1920px-1536x942.jpg 1536w, https:\/\/artistdesign.de\/blog\/wp-content\/uploads\/2023\/12\/HeisseHeimat_1920px-489x300.jpg 489w, https:\/\/artistdesign.de\/blog\/wp-content\/uploads\/2023\/12\/HeisseHeimat_1920px.jpg 1920w\" sizes=\"auto, (max-width: 1024px) 100vw, 1024px\" \/><\/a><figcaption class=\"wp-element-caption\"><a href=\"https:\/\/artistdesign.de\/blog\/friendly-fire\">Hei\u00dfe Heimat<\/a><\/figcaption><\/figure>\n\n\n\n<figure class=\"wp-block-image size-large\"><a href=\"https:\/\/artistdesign.de\/blog\/wp-content\/uploads\/2023\/12\/SchlangenLicht_1920px.jpg\"><img loading=\"lazy\" decoding=\"async\" width=\"1024\" height=\"628\" src=\"https:\/\/artistdesign.de\/blog\/wp-content\/uploads\/2023\/12\/SchlangenLicht_1920px-1024x628.jpg\" alt=\"SchlangenLicht\" class=\"wp-image-2219\" srcset=\"https:\/\/artistdesign.de\/blog\/wp-content\/uploads\/2023\/12\/SchlangenLicht_1920px-1024x628.jpg 1024w, https:\/\/artistdesign.de\/blog\/wp-content\/uploads\/2023\/12\/SchlangenLicht_1920px-300x184.jpg 300w, https:\/\/artistdesign.de\/blog\/wp-content\/uploads\/2023\/12\/SchlangenLicht_1920px-768x471.jpg 768w, https:\/\/artistdesign.de\/blog\/wp-content\/uploads\/2023\/12\/SchlangenLicht_1920px-1536x942.jpg 1536w, https:\/\/artistdesign.de\/blog\/wp-content\/uploads\/2023\/12\/SchlangenLicht_1920px-489x300.jpg 489w, https:\/\/artistdesign.de\/blog\/wp-content\/uploads\/2023\/12\/SchlangenLicht_1920px.jpg 1920w\" sizes=\"auto, (max-width: 1024px) 100vw, 1024px\" \/><\/a><figcaption class=\"wp-element-caption\"><a href=\"https:\/\/artistdesign.de\/blog\/schlangenlicht\" data-type=\"link\" data-id=\"artistdesign.de\/blog\/schlangenlicht\">SchlangenLicht<\/a><\/figcaption><\/figure>\n\n\n\n<div class=\"wp-block-columns is-layout-flex wp-container-core-columns-is-layout-1 wp-block-columns-is-layout-flex\">\n<div class=\"wp-block-column is-layout-flow wp-block-column-is-layout-flow\"><\/div>\n<\/div>\n<\/div>\n<\/div>\n\n\n\n<h3 class=\"wp-block-heading\">Das Produkt<\/h3>\n\n\n\n<p>Der Wandkalender ist im Format DIN A3 quer angelegt. 13 Seiten, Papiergewicht 250 g, matt gl\u00e4nzend. Spiralbindung, silberfarben.<\/p>\n\n\n\n<h3 class=\"wp-block-heading\">Lifelong Long-Lasting Lament<\/h3>\n\n\n\n<p>In diesem Jahr enth\u00e4lt mein Kunstkalender keine viezehnte Seite, warum? <br>Zum einen sind nur wenige wirklich an meinen Texten zur Lage des Zeitgeistes interessiert, zum anderen wissen diejenigen, die sie lesen, sowie schon Bescheid, da sie ihre eigene Recherche betrieben, also ihre Hausaufgaben gemacht haben.<\/p>\n\n\n\n<h3 class=\"wp-block-heading\">Artmix in der Matrix<\/h3>\n\n\n\n<p>Ich habe das Gl\u00fcck, dass die Bildende Kunst sich bisher deutlich weniger rechtfertigen oder distanzieren muss als etwa die des Schreibens. Wenn im Text sich die Sch\u00e4rfe des Ausdrucks gegen die Mainstream-Matrix kehrt, kann der Autor mit einiger Sicherheit mit modernen Etiketten ausgezeichnet werden: Rechts, Nazi, Verschw\u00f6rungstheoretiker, Querdenker, Putin-Versteher, Reichsb\u00fcrger, Klimaleugner, etc. Das ist g\u00e4ngige Praxis, so dass in diesen Jahren vor allem jene zu ihrem Wort kommen und auch stehen, die nicht direkt vom System abh\u00e4ngig sind.<br>In der Bilderei liegt der Vorteil des Ungef\u00e4hren: Es muss nicht alles realistisch dargestellt werden, eine atmosph\u00e4risch gemalte Nebelwand zum Beispiel kann sehr vielsagend sein, wenn und weil sie die Vorstellungskraft des Betrachtenden aktiviert.<\/p>\n\n\n\n<p>Im MATRIX ARTMIX erkennen wir ironisierend, dass in der Matrix ein Artmix versteckt ist, es also keinen Grund gibt, sich der vorherrschenden Matrix wie gewohnt hundertprozentig hinzugeben.<\/p>\n\n\n\n<p>Auch dieser Kalender stellt eine Werkschau meiner Ideenwelt und Elaborate aus den letzten beiden Jahren dar, alle Motive wirken ohne Bildbearbeitung, sind also reine Reproduktionen gro\u00dffl\u00e4chig bemalter Leinw\u00e4nde, meistens um 152 x 94 cm.<\/p>\n\n\n\n<p><strong style=\"background-color: transparent;\"><br><\/strong><br><\/p>\n","protected":false},"excerpt":{"rendered":"<p>12 unterschiedliche ARTEN, die Welt zu sehen: Das Produkt Der Wandkalender ist im Format DIN A3 quer angelegt. 13 Seiten, Papiergewicht 250 g, matt gl\u00e4nzend. Spiralbindung, silberfarben. Lifelong Long-Lasting Lament In diesem Jahr enth\u00e4lt mein Kunstkalender keine viezehnte Seite, warum? Zum einen sind nur wenige wirklich an meinen Texten zur Lage des Zeitgeistes interessiert, zum&hellip; <br \/> <a class=\"read-more\" href=\"https:\/\/artistdesign.de\/blog\/calendart-2024\">Weiterlesen<\/a><\/p>\n","protected":false},"author":2,"featured_media":0,"parent":0,"menu_order":0,"comment_status":"closed","ping_status":"closed","template":"","meta":{"ngg_post_thumbnail":0,"footnotes":""},"class_list":["post-2202","page","type-page","status-publish","hentry"],"_links":{"self":[{"href":"https:\/\/artistdesign.de\/blog\/wp-json\/wp\/v2\/pages\/2202","targetHints":{"allow":["GET"]}}],"collection":[{"href":"https:\/\/artistdesign.de\/blog\/wp-json\/wp\/v2\/pages"}],"about":[{"href":"https:\/\/artistdesign.de\/blog\/wp-json\/wp\/v2\/types\/page"}],"author":[{"embeddable":true,"href":"https:\/\/artistdesign.de\/blog\/wp-json\/wp\/v2\/users\/2"}],"replies":[{"embeddable":true,"href":"https:\/\/artistdesign.de\/blog\/wp-json\/wp\/v2\/comments?post=2202"}],"version-history":[{"count":27,"href":"https:\/\/artistdesign.de\/blog\/wp-json\/wp\/v2\/pages\/2202\/revisions"}],"predecessor-version":[{"id":2530,"href":"https:\/\/artistdesign.de\/blog\/wp-json\/wp\/v2\/pages\/2202\/revisions\/2530"}],"wp:attachment":[{"href":"https:\/\/artistdesign.de\/blog\/wp-json\/wp\/v2\/media?parent=2202"}],"curies":[{"name":"wp","href":"https:\/\/api.w.org\/{rel}","templated":true}]}}