{"id":323,"date":"2013-11-27T21:30:47","date_gmt":"2013-11-27T21:30:47","guid":{"rendered":"http:\/\/artistdesign.de\/blog\/?page_id=323"},"modified":"2023-12-12T12:58:16","modified_gmt":"2023-12-12T12:58:16","slug":"samba-karneval-heimat","status":"publish","type":"page","link":"https:\/\/artistdesign.de\/blog\/samba-karneval-heimat","title":{"rendered":"Bremer Samba-Karneval, Motto &#8218;HEIMAT&#8216;"},"content":{"rendered":"<div style=\"width: 590px\" class=\"wp-caption alignnone\"><img loading=\"lazy\" decoding=\"async\" title=\"Minha Dan\u00e7a, 2014, zum Thema 'Heimat\" src=\"https:\/\/www.clemens-raphael.de\/minha-danca\/images\/carnevalHB14\/umzug_heimat\/md_HEIMAT-2014_Umzug-_O-Weg_Gruppe.jpg\" alt=\"Minha Dan\u00e7a, 2014, zum Thema 'Heimat\" width=\"580\" height=\"421\"><p class=\"wp-caption-text\">Minha Dan\u00e7a, 2014, zum Thema &#8218;Heimat&#8216;<\/p><\/div>\n<p><strong>Das Foto zeigt das Ergebnis der &#8218;Heimatfindung&#8216; der Bremer Samba-Tanzgruppe minha dan\u00e7a. Im nachfolgenden Text dagegen wird die Entwicklung zur Heimat beschrieben.<\/strong><\/p>\n<p>Das Thema des Bremer Samba-Karnevals 2014 hei\u00dft schlicht und ergreifend: <strong>HEIMAT<\/strong>.<\/p>\n<p>Da der Termin langsam aber sicher, sprich: unersch\u00fctterlich n\u00e4her r\u00fcckte, war es f\u00fcr alle Akteure an der Zeit, das Thema inhaltlich anzugehen und &#8217;sinnvoll&#8216; umzusetzen.<br \/>\nDie Bremer Samba-Tanzgruppe Minha Dan\u00e7a hatte sich erste Gedanken dar\u00fcber gemacht, der inneren Heimat eine \u00e4u\u00dfere Form zu geben.<\/p>\n<p>&nbsp;<\/p>\n<p><strong>Erste Ideen: NH<\/strong><br \/>\n<a href=\"https:\/\/artistdesign.de\/blog\/wp-content\/uploads\/2014\/01\/Neue_Heimat.png\"><img loading=\"lazy\" decoding=\"async\" class=\"size-full wp-image-479 alignleft\" title=\"Neue_Heimat\" src=\"https:\/\/artistdesign.de\/blog\/wp-content\/uploads\/2014\/01\/Neue_Heimat.png\" alt=\"Logo der Neuen Heimat\" width=\"164\" height=\"134\"><\/a><\/p>\n<p>Aus Heimat werde NEUE HEIMAT, mit allen Implikationen, Konnotationen und Assoziationen, die der Begriff zul\u00e4sst. Einst\u00fcrzende Neubauten, Ghetto-Blaster, Mein Block, Werk geschafft.<\/p>\n<p>&nbsp;<\/p>\n<p><strong>Zweite Idee: Wer? Der!<\/strong><\/p>\n<p><a href=\"https:\/\/artistdesign.de\/blog\/wp-content\/uploads\/2013\/11\/Wer_Der.png\"><img loading=\"lazy\" decoding=\"async\" class=\"alignright size-full wp-image-482\" title=\"Wer_Der\" src=\"https:\/\/artistdesign.de\/blog\/wp-content\/uploads\/2013\/11\/Wer_Der.png\" alt=\"Werder-Logo mit Raute\" width=\"200\" height=\"150\"><\/a><br \/>\nGr\u00fcn-Wei\u00df ist meine Heimat, Bremen ist Werder, aber ohne Schwarz ist Gr\u00fcn-Wei\u00df zu eindeutig und langweilig. Grundkost\u00fcm schwarz, gr\u00fcner Akzent, H\u00e4nde wie Handschuhe gro\u00df in wei\u00df.<\/p>\n<p>&nbsp;<\/p>\n<p><strong>Dritte Idee: Wildlife<br \/>\n<a href=\"https:\/\/artistdesign.de\/blog\/wp-content\/uploads\/2013\/11\/Zebra.png\"><img loading=\"lazy\" decoding=\"async\" class=\"alignleft size-full wp-image-484\" title=\"Zebra\" src=\"https:\/\/artistdesign.de\/blog\/wp-content\/uploads\/2013\/11\/Zebra.png\" alt=\"Zebra wie Esel\" width=\"238\" height=\"193\"><\/a><br \/>\n<\/strong>Ich bin ein Zebra, lebe und denke in schwarz-wei\u00df. Meine eigentliche Heimat ist animalisch: Ich bin wild und ungez\u00e4hmt, lebe in einer Herde, die mir Schutz, Sicherheit und Rituale gibt, meine geografische Heimat ist Afrika, ich ziehe durch die Lande auf der Suche nach Wasser, Nahrung und paarungsbereiten Artgenossen.<br \/>\nZitat von Alois Winkelschleifer, einem Vor- und Querdenker des Bremer Sambakarnevals: &#8222;<em>Auch Zebras haben ein Recht auf Heimat &#8230;und wenn es die zweite oder dritte Heimat ist. Es ist \u00fcberhaupt nicht selbstverst\u00e4ndlich sich mit einer gestreiften Haut in der Fremde eine neue Identit\u00e4t aufzubauen.<\/em><br \/>\n<em> Dieses Thema ist bislang stark vernachl\u00e4ssigt worden. Wieviel Zebra ist erlaubt? Wieviel Zebra vertr\u00e4gt der Bremer Karneval? Ein Zebra kann sich &#8211; wenn diese als Problemfeld nicht ausreichend gew\u00fcrdigt wird &#8211; heimatloser als ein Bischof in Limburg f\u00fchlen. Und ist doch vollkommen klar: weil das einzelne Zebra solch einen sensiblen Sinn hat und genau diese Heimatlosigkeit f\u00fchlen kann, schlie\u00dft es sich nahezu instinktiv in einer Herde zusammen. Also: wenn etwas zum Bremer Karneval geh\u00f6rt, dann ist es die Queen of Carnival und eine Horde wildgebliebener Zebras.<\/em>&#8220;<\/p>\n<p>&nbsp;<\/p>\n<p><strong>Dritte Idee, in Bremen repatriiert:<\/strong><br \/>\n<a href=\"https:\/\/artistdesign.de\/blog\/wp-content\/uploads\/2013\/11\/Stadtmusikanten_Bremen.png\"><img loading=\"lazy\" decoding=\"async\" class=\"alignleft size-full wp-image-486\" title=\"Stadtmusikanten_Bremen\" src=\"https:\/\/artistdesign.de\/blog\/wp-content\/uploads\/2013\/11\/Stadtmusikanten_Bremen.png\" alt=\"Bremer Stadtmusikanten-Asylanten\" width=\"236\" height=\"282\"><\/a>Das Zebra mit Migrationshintergrund ist auf der Suche nach einer NEUEN HEIMAT in seinem selbstgew\u00e4hlten Exil. Was aber passiert in der Fremde, wenn das Zebra zwecks Herden-(Horden-)Bildung keine Artgenossen findet? Es sucht zumindest wildgebliebene Leidensgenossen.<br \/>\nUnd damit sind wir in der BREMER HEIMAT: Zum Zebra gesellen sich Wolf, Raubkatze, und Adler.<br \/>\nDas Ergebnis nennen wir NEUE HEIMAT f\u00fcr wilde STADTMUSIKANTEN, zusammen eine unschlagbare Gruppe bildend.<\/p>\n<p>&nbsp;<\/p>\n<p><strong>Vierte Ideenlinie: Wortgewalt<\/strong><br \/>\n<a href=\"https:\/\/artistdesign.de\/blog\/wp-content\/uploads\/2013\/11\/Go_Home.png\"><img loading=\"lazy\" decoding=\"async\" class=\"alignright size-full wp-image-488\" title=\"Go_Home\" src=\"https:\/\/artistdesign.de\/blog\/wp-content\/uploads\/2013\/11\/Go_Home.png\" alt=\"\" width=\"239\" height=\"229\"><\/a><br \/>\nDas Wort HEIMAT l\u00e4sst sich neu beleben, sofern man sich einen Schritt entfernt und wieder ann\u00e4hert:<\/p>\n<p>+++++ daHeim +++++ GEHEIMAT +++++ HiTeam +++++ HeimART +++++ @ HOME +++++ High MAT +++++ GO HOME +++++ HEIMSPIEL +++++ Hai-Mat +++++ iThema ++++ Hamiet +++++<\/p>\n<p>&nbsp;<\/p>\n<p><strong>F\u00fcnfte Dimension:<\/strong><\/p>\n<p><a href=\"https:\/\/artistdesign.de\/blog\/wp-content\/uploads\/2014\/01\/Comment.png\"><img loading=\"lazy\" decoding=\"async\" class=\"size-full wp-image-477 alignleft\" title=\"Comment\" src=\"https:\/\/artistdesign.de\/blog\/wp-content\/uploads\/2014\/01\/Comment.png\" alt=\"Comment, Kommentar, Sambakarneval, Bremen, Heimat\" width=\"213\" height=\"137\"><\/a><br \/>\nSinnstiftende Kommentare sind erbeten, aber nicht erst am 22.02.2014, wenn der Umzug umherzieht!<\/p>\n<p><a title=\"Die Heimat des Sambakarnevals kommt n\u00e4her\" href=\"https:\/\/artistdesign.de\/blog\/die-heimat-kommt-naeher\"> \u25ba <\/a><a title=\"Die Heimat des Sambakarnevals kommt n\u00e4her\" href=\"https:\/\/artistdesign.de\/blog\/die-heimat-kommt-naeher\">Die Heimat kommt kommentarlos n\u00e4her<\/a><a title=\"Entwurf und Realisation der Heimat\"><br \/>\n<\/a><\/p>\n","protected":false},"excerpt":{"rendered":"<p>Das Foto zeigt das Ergebnis der &#8218;Heimatfindung&#8216; der Bremer Samba-Tanzgruppe minha dan\u00e7a. Im nachfolgenden Text dagegen wird die Entwicklung zur Heimat beschrieben. Das Thema des Bremer Samba-Karnevals 2014 hei\u00dft schlicht und ergreifend: HEIMAT. Da der Termin langsam aber sicher, sprich: unersch\u00fctterlich n\u00e4her r\u00fcckte, war es f\u00fcr alle Akteure an der Zeit, das Thema inhaltlich anzugehen&hellip; <br \/> <a class=\"read-more\" href=\"https:\/\/artistdesign.de\/blog\/samba-karneval-heimat\">Weiterlesen<\/a><\/p>\n","protected":false},"author":1,"featured_media":0,"parent":0,"menu_order":0,"comment_status":"closed","ping_status":"closed","template":"sidebar-page.php","meta":{"ngg_post_thumbnail":0,"footnotes":""},"class_list":["post-323","page","type-page","status-publish","hentry"],"_links":{"self":[{"href":"https:\/\/artistdesign.de\/blog\/wp-json\/wp\/v2\/pages\/323","targetHints":{"allow":["GET"]}}],"collection":[{"href":"https:\/\/artistdesign.de\/blog\/wp-json\/wp\/v2\/pages"}],"about":[{"href":"https:\/\/artistdesign.de\/blog\/wp-json\/wp\/v2\/types\/page"}],"author":[{"embeddable":true,"href":"https:\/\/artistdesign.de\/blog\/wp-json\/wp\/v2\/users\/1"}],"replies":[{"embeddable":true,"href":"https:\/\/artistdesign.de\/blog\/wp-json\/wp\/v2\/comments?post=323"}],"version-history":[{"count":44,"href":"https:\/\/artistdesign.de\/blog\/wp-json\/wp\/v2\/pages\/323\/revisions"}],"predecessor-version":[{"id":2303,"href":"https:\/\/artistdesign.de\/blog\/wp-json\/wp\/v2\/pages\/323\/revisions\/2303"}],"wp:attachment":[{"href":"https:\/\/artistdesign.de\/blog\/wp-json\/wp\/v2\/media?parent=323"}],"curies":[{"name":"wp","href":"https:\/\/api.w.org\/{rel}","templated":true}]}}