{"id":399,"date":"2014-01-01T12:41:38","date_gmt":"2014-01-01T12:41:38","guid":{"rendered":"http:\/\/artistdesign.de\/blog\/?page_id=399"},"modified":"2015-07-25T19:53:21","modified_gmt":"2015-07-25T19:53:21","slug":"kalender-2014-calendar","status":"publish","type":"page","link":"https:\/\/artistdesign.de\/blog\/kalender-2014-calendar","title":{"rendered":"Kalender 2014 Calendar"},"content":{"rendered":"<p>H\u00f6her, schneller, weiter: Nach der 13 kommt die 14. Und unversehens ist das Neue Jahr am Start und am Laufen.<br \/>\nDie Bildwerke f\u00fcr 2014 sprechen ihre eigene Sprache, sind mal r\u00e4tselhaft-tiefgr\u00fcndig, mal oberflach-banal. Sie spiegeln daher das wider, was uns alle umgibt: Scheinendes und wirkendes Sein auf verschiedenen Ebenen und in verschiedenen Facetten.<\/p>\n<div class=\"mceTemp\">\n<dl id=\"attachment_396\" class=\"wp-caption alignleft\" style=\"width: 516px;\">\n<dt class=\"wp-caption-dt\"><a href=\"https:\/\/artistdesign.de\/blog\/wp-content\/uploads\/2014\/01\/Kalender_2014_CleRaDe_Titel.jpg\"><img loading=\"lazy\" decoding=\"async\" class=\"size-medium wp-image-396 \" title=\"Kalender_2014_CleRaDe_Titel\" src=\"https:\/\/artistdesign.de\/blog\/wp-content\/uploads\/2014\/01\/Kalender_2014_CleRaDe_Titel-300x212.jpg\" alt=\"Kalender 2014 Titelbild\" width=\"506\" height=\"357\" srcset=\"https:\/\/artistdesign.de\/blog\/wp-content\/uploads\/2014\/01\/Kalender_2014_CleRaDe_Titel-300x212.jpg 300w, https:\/\/artistdesign.de\/blog\/wp-content\/uploads\/2014\/01\/Kalender_2014_CleRaDe_Titel-424x300.jpg 424w, https:\/\/artistdesign.de\/blog\/wp-content\/uploads\/2014\/01\/Kalender_2014_CleRaDe_Titel.jpg 1024w\" sizes=\"auto, (max-width: 506px) 100vw, 506px\" \/><\/a><\/dt>\n<dd class=\"wp-caption-dd\"><\/dd>\n<\/dl>\n<\/div>\n<p>&nbsp;<\/p>\n<p>Es ist ja eigentlich nur von hier bis an die Wand gedacht, anzunehmen, dass ab einem bestimmten Stichtag alles anders sei als vorher. Wer ist schon in der Lage, heute im Hier und Jetzt zu sein und zu handeln. Die meisten von uns befinden sich in der Schere: von hinten dr\u00e4ngt das Vergangene, nur bedingt Verarbeitete, von vorne dr\u00e4ngt eine vorgestellte Zukunft, die mit unserer \u00c4ngsten vorbelastet ist.<br \/>\nVielleicht geben uns die Bilder f\u00fcr 2014 die M\u00f6glichkeit, eine kurze Pause einzulegen im Lauf der Zeit. Kurz innehalten, verweilen, zum Bewusstsein vordringen.<\/p>\n","protected":false},"excerpt":{"rendered":"<p>H\u00f6her, schneller, weiter: Nach der 13 kommt die 14. Und unversehens ist das Neue Jahr am Start und am Laufen. Die Bildwerke f\u00fcr 2014 sprechen ihre eigene Sprache, sind mal r\u00e4tselhaft-tiefgr\u00fcndig, mal oberflach-banal. Sie spiegeln daher das wider, was uns alle umgibt: Scheinendes und wirkendes Sein auf verschiedenen Ebenen und in verschiedenen Facetten. &nbsp; Es&hellip; <br \/> <a class=\"read-more\" href=\"https:\/\/artistdesign.de\/blog\/kalender-2014-calendar\">Weiterlesen<\/a><\/p>\n","protected":false},"author":2,"featured_media":0,"parent":0,"menu_order":0,"comment_status":"open","ping_status":"closed","template":"sidebar-page.php","meta":{"ngg_post_thumbnail":0,"footnotes":""},"class_list":["post-399","page","type-page","status-publish","hentry"],"_links":{"self":[{"href":"https:\/\/artistdesign.de\/blog\/wp-json\/wp\/v2\/pages\/399","targetHints":{"allow":["GET"]}}],"collection":[{"href":"https:\/\/artistdesign.de\/blog\/wp-json\/wp\/v2\/pages"}],"about":[{"href":"https:\/\/artistdesign.de\/blog\/wp-json\/wp\/v2\/types\/page"}],"author":[{"embeddable":true,"href":"https:\/\/artistdesign.de\/blog\/wp-json\/wp\/v2\/users\/2"}],"replies":[{"embeddable":true,"href":"https:\/\/artistdesign.de\/blog\/wp-json\/wp\/v2\/comments?post=399"}],"version-history":[{"count":9,"href":"https:\/\/artistdesign.de\/blog\/wp-json\/wp\/v2\/pages\/399\/revisions"}],"predecessor-version":[{"id":472,"href":"https:\/\/artistdesign.de\/blog\/wp-json\/wp\/v2\/pages\/399\/revisions\/472"}],"wp:attachment":[{"href":"https:\/\/artistdesign.de\/blog\/wp-json\/wp\/v2\/media?parent=399"}],"curies":[{"name":"wp","href":"https:\/\/api.w.org\/{rel}","templated":true}]}}

<p>Höher, schneller, weiter: Nach der 13 kommt die 14. Und unversehens ist das Neue Jahr am Start und am Laufen.<br />
Die Bildwerke für 2014 sprechen ihre eigene Sprache, sind mal rätselhaft-tiefgründig, mal oberflach-banal. Sie spiegeln daher das wider, was uns alle umgibt: Scheinendes und wirkendes Sein auf verschiedenen Ebenen und in verschiedenen Facetten.</p>
<div class="mceTemp">
<dl id="attachment_396" class="wp-caption alignleft" style="width: 516px;">
<dt class="wp-caption-dt"><a href="https://artistdesign.de/blog/wp-content/uploads/2014/01/Kalender_2014_CleRaDe_Titel.jpg"><img loading="lazy" decoding="async" class="size-medium wp-image-396 " title="Kalender_2014_CleRaDe_Titel" src="https://artistdesign.de/blog/wp-content/uploads/2014/01/Kalender_2014_CleRaDe_Titel-300x212.jpg" alt="Kalender 2014 Titelbild" width="506" height="357" srcset="https://artistdesign.de/blog/wp-content/uploads/2014/01/Kalender_2014_CleRaDe_Titel-300x212.jpg 300w, https://artistdesign.de/blog/wp-content/uploads/2014/01/Kalender_2014_CleRaDe_Titel-424x300.jpg 424w, https://artistdesign.de/blog/wp-content/uploads/2014/01/Kalender_2014_CleRaDe_Titel.jpg 1024w" sizes="auto, (max-width: 506px) 100vw, 506px" /></a></dt>
<dd class="wp-caption-dd"></dd>
</dl>
</div>
<p>&nbsp;</p>
<p>Es ist ja eigentlich nur von hier bis an die Wand gedacht, anzunehmen, dass ab einem bestimmten Stichtag alles anders sei als vorher. Wer ist schon in der Lage, heute im Hier und Jetzt zu sein und zu handeln. Die meisten von uns befinden sich in der Schere: von hinten drängt das Vergangene, nur bedingt Verarbeitete, von vorne drängt eine vorgestellte Zukunft, die mit unserer Ängsten vorbelastet ist.<br />
Vielleicht geben uns die Bilder für 2014 die Möglichkeit, eine kurze Pause einzulegen im Lauf der Zeit. Kurz innehalten, verweilen, zum Bewusstsein vordringen.</p>

<p>Höher, schneller, weiter: Nach der 13 kommt die 14. Und unversehens ist das Neue Jahr am Start und am Laufen. Die Bildwerke für 2014 sprechen ihre eigene Sprache, sind mal rätselhaft-tiefgründig, mal oberflach-banal. Sie spiegeln daher das wider, was uns alle umgibt: Scheinendes und wirkendes Sein auf verschiedenen Ebenen und in verschiedenen Facetten. &nbsp; Es&hellip; <br /> <a class="read-more" href="https://artistdesign.de/blog/kalender-2014-calendar">Weiterlesen</a></p>
