{"id":404,"date":"2014-01-01T13:07:03","date_gmt":"2014-01-01T13:07:03","guid":{"rendered":"http:\/\/artistdesign.de\/blog\/?page_id=404"},"modified":"2014-06-23T18:29:25","modified_gmt":"2014-06-23T18:29:25","slug":"wintreebute","status":"publish","type":"page","link":"https:\/\/artistdesign.de\/blog\/wintreebute","title":{"rendered":"jan Wintreebute"},"content":{"rendered":"<p>B\u00e4ume im Winter wie Tr\u00e4ume vom Dahinter.<br \/>\nDahinter liegt das Gr\u00fcn, erscheint uns jetzt recht k\u00fchn.<br \/>\nR\u00e4ume im Dahinter wie Tr\u00e4ume vom Winter.<\/p>\n<div id=\"attachment_394\" style=\"width: 1034px\" class=\"wp-caption alignleft\"><a href=\"https:\/\/artistdesign.de\/blog\/wp-content\/uploads\/2014\/01\/Wintreebute.jpg\"><img loading=\"lazy\" decoding=\"async\" aria-describedby=\"caption-attachment-394\" class=\"size-full wp-image-394\" title=\"Your personal Wintreebute\" src=\"https:\/\/artistdesign.de\/blog\/wp-content\/uploads\/2014\/01\/Wintreebute.jpg\" alt=\"Your personal Wintreebute\" width=\"1024\" height=\"768\" srcset=\"https:\/\/artistdesign.de\/blog\/wp-content\/uploads\/2014\/01\/Wintreebute.jpg 1024w, https:\/\/artistdesign.de\/blog\/wp-content\/uploads\/2014\/01\/Wintreebute-300x225.jpg 300w, https:\/\/artistdesign.de\/blog\/wp-content\/uploads\/2014\/01\/Wintreebute-400x300.jpg 400w\" sizes=\"auto, (max-width: 1024px) 100vw, 1024px\" \/><\/a><p id=\"caption-attachment-394\" class=\"wp-caption-text\">Your personal Wintreebute<\/p><\/div>\n<p><a title=\"December  Clean Slate  Artwork\" href=\"https:\/\/artistdesign.de\/blog\/cleanslate-artwork\">\u25c0<\/a> PREV\u00a0 \u263c\u00a0 NEXT <a title=\"feb GlanzTanzPflanz\" href=\"https:\/\/artistdesign.de\/blog\/glanztanzpflanz\">\u25ba<\/a><\/p>\n","protected":false},"excerpt":{"rendered":"<p>B\u00e4ume im Winter wie Tr\u00e4ume vom Dahinter. Dahinter liegt das Gr\u00fcn, erscheint uns jetzt recht k\u00fchn. R\u00e4ume im Dahinter wie Tr\u00e4ume vom Winter. \u25c0 PREV\u00a0 \u263c\u00a0 NEXT \u25ba<\/p>\n","protected":false},"author":2,"featured_media":0,"parent":0,"menu_order":0,"comment_status":"open","ping_status":"open","template":"sidebar-page.php","meta":{"ngg_post_thumbnail":0,"footnotes":""},"class_list":["post-404","page","type-page","status-publish","hentry"],"_links":{"self":[{"href":"https:\/\/artistdesign.de\/blog\/wp-json\/wp\/v2\/pages\/404","targetHints":{"allow":["GET"]}}],"collection":[{"href":"https:\/\/artistdesign.de\/blog\/wp-json\/wp\/v2\/pages"}],"about":[{"href":"https:\/\/artistdesign.de\/blog\/wp-json\/wp\/v2\/types\/page"}],"author":[{"embeddable":true,"href":"https:\/\/artistdesign.de\/blog\/wp-json\/wp\/v2\/users\/2"}],"replies":[{"embeddable":true,"href":"https:\/\/artistdesign.de\/blog\/wp-json\/wp\/v2\/comments?post=404"}],"version-history":[{"count":15,"href":"https:\/\/artistdesign.de\/blog\/wp-json\/wp\/v2\/pages\/404\/revisions"}],"predecessor-version":[{"id":412,"href":"https:\/\/artistdesign.de\/blog\/wp-json\/wp\/v2\/pages\/404\/revisions\/412"}],"wp:attachment":[{"href":"https:\/\/artistdesign.de\/blog\/wp-json\/wp\/v2\/media?parent=404"}],"curies":[{"name":"wp","href":"https:\/\/api.w.org\/{rel}","templated":true}]}}