{"id":558,"date":"2014-01-19T20:53:38","date_gmt":"2014-01-19T20:53:38","guid":{"rendered":"http:\/\/artistdesign.de\/blog\/?page_id=558"},"modified":"2023-12-12T13:08:49","modified_gmt":"2023-12-12T13:08:49","slug":"entwurf-samba-heimat","status":"publish","type":"page","link":"https:\/\/artistdesign.de\/blog\/entwurf-samba-heimat","title":{"rendered":"Entwurf und Realisation der Heimat"},"content":{"rendered":"<p><strong>Irgendwann r\u00fcckt der Termin des Karnevals n\u00e4her und es muss gehandelt, nicht nur diskutiert, ent- und verworfen werden. Die Heimat des Karnevals liegt im Realisieren.<br \/>\n<\/strong><\/p>\n<p><strong>Das Zebra schaut zu, w\u00e4hrend andere Entw\u00fcrfe es in Frage stellen.<br \/>\n<\/strong><\/p>\n<div id=\"attachment_560\" style=\"width: 399px\" class=\"wp-caption alignleft\"><a href=\"https:\/\/artistdesign.de\/blog\/wp-content\/uploads\/2014\/01\/zebra_T.jpg\"><img loading=\"lazy\" decoding=\"async\" aria-describedby=\"caption-attachment-560\" class=\"size-full wp-image-560\" title=\"zebra_T\" src=\"https:\/\/artistdesign.de\/blog\/wp-content\/uploads\/2014\/01\/zebra_T.jpg\" alt=\"Zebra\" width=\"389\" height=\"135\" srcset=\"https:\/\/artistdesign.de\/blog\/wp-content\/uploads\/2014\/01\/zebra_T.jpg 1365w, https:\/\/artistdesign.de\/blog\/wp-content\/uploads\/2014\/01\/zebra_T-300x104.jpg 300w, https:\/\/artistdesign.de\/blog\/wp-content\/uploads\/2014\/01\/zebra_T-1024x356.jpg 1024w, https:\/\/artistdesign.de\/blog\/wp-content\/uploads\/2014\/01\/zebra_T-500x173.jpg 500w\" sizes=\"auto, (max-width: 389px) 100vw, 389px\" \/><\/a><p id=\"caption-attachment-560\" class=\"wp-caption-text\">Zebra, gestreift<\/p><\/div>\n<p>.<\/p>\n<p>&nbsp;<\/p>\n<p>&nbsp;<\/p>\n<p>&nbsp;<\/p>\n<p>&nbsp;<\/p>\n<p>&nbsp;<\/p>\n<p><strong>Ich werde das Logo sein:<br \/>\n<\/strong><\/p>\n<div id=\"attachment_563\" style=\"width: 323px\" class=\"wp-caption alignleft\"><a href=\"https:\/\/artistdesign.de\/blog\/wp-content\/uploads\/2014\/01\/AT-HOME_Scribble_02_scharf_25pro.jpg\"><img loading=\"lazy\" decoding=\"async\" aria-describedby=\"caption-attachment-563\" class=\"size-full wp-image-563\" title=\"AT HOME HEIM AT LAYOUT\" src=\"https:\/\/artistdesign.de\/blog\/wp-content\/uploads\/2014\/01\/AT-HOME_Scribble_02_scharf_25pro.jpg\" alt=\"AT HOME HEIM AT LAYOUT\" width=\"313\" height=\"234\" srcset=\"https:\/\/artistdesign.de\/blog\/wp-content\/uploads\/2014\/01\/AT-HOME_Scribble_02_scharf_25pro.jpg 741w, https:\/\/artistdesign.de\/blog\/wp-content\/uploads\/2014\/01\/AT-HOME_Scribble_02_scharf_25pro-300x225.jpg 300w, https:\/\/artistdesign.de\/blog\/wp-content\/uploads\/2014\/01\/AT-HOME_Scribble_02_scharf_25pro-399x300.jpg 399w\" sizes=\"auto, (max-width: 313px) 100vw, 313px\" \/><\/a><p id=\"caption-attachment-563\" class=\"wp-caption-text\">Layoutversion Logo:&nbsp; AT HOME<\/p><\/div>\n<p>Es geht weiter mit der Heimat. Ein Visual, ein erkennbares Logo muss her.Es soll auf einfache Weise den Begriff Heimat, Heim, Haus, modernes Zuhause darstellen.<\/p>\n<p>Was liegt also n\u00e4her, als auf den ganzen un\u00fcbersichtlichen, nur auf den zweiten und drittten Blick erkennbaren Klimbim zu verzichten, der z. B. auf dem diesj\u00e4hrigen Plakat des Bremer Karnevals zu finden ist?<\/p>\n<p>&nbsp;<\/p>\n<p><strong>Keyboard im Hintergrund<\/strong><\/p>\n<p><a href=\"https:\/\/artistdesign.de\/blog\/wp-content\/uploads\/2014\/01\/Tastatur_Keyboard_Stoff_Persp_06_25Pro1.jpg\"><img loading=\"lazy\" decoding=\"async\" class=\"alignright\" title=\"Heimatkl\u00e4nge Keyboard-Tatstatur\" src=\"https:\/\/artistdesign.de\/blog\/wp-content\/uploads\/2014\/01\/Tastatur_Keyboard_Stoff_Persp_06_25Pro1.jpg\" alt=\"Heimatkl\u00e4nge Keyboard-Tatstatur\" width=\"283\" height=\"212\"><\/a>Im Hintergrund finden wir passend zu unserer heimatlichen Computerwelt die Sounds des Keyboards. In unserem Haus finden wir fantastische Kl\u00e4nge, die auf Tasten und beim Tasten auf der Tastatur generiert werden.<\/p>\n<p>Dieser Stoff wird also geeignet sein, als heimatlicher Background zu fungieren.<\/p>\n<p>&nbsp;<\/p>\n<p><strong>Das Rad wird nicht neu erfunden<br \/>\n<\/strong><\/p>\n<div id=\"attachment_571\" style=\"width: 247px\" class=\"wp-caption alignleft\"><a href=\"https:\/\/artistdesign.de\/blog\/wp-content\/uploads\/2014\/01\/MD13_FairerKehrer_y18_Portrait_03_25pro.jpg\"><img loading=\"lazy\" decoding=\"async\" aria-describedby=\"caption-attachment-571\" class=\"size-full wp-image-571\" title=\"FAIRER KEHRER, Samba-Karneval 2013\" src=\"https:\/\/artistdesign.de\/blog\/wp-content\/uploads\/2014\/01\/MD13_FairerKehrer_y18_Portrait_03_25pro.jpg\" alt=\"FAIRER KEHRER, Samba-Karneval 2013\" width=\"237\" height=\"237\" srcset=\"https:\/\/artistdesign.de\/blog\/wp-content\/uploads\/2014\/01\/MD13_FairerKehrer_y18_Portrait_03_25pro.jpg 684w, https:\/\/artistdesign.de\/blog\/wp-content\/uploads\/2014\/01\/MD13_FairerKehrer_y18_Portrait_03_25pro-150x150.jpg 150w, https:\/\/artistdesign.de\/blog\/wp-content\/uploads\/2014\/01\/MD13_FairerKehrer_y18_Portrait_03_25pro-300x300.jpg 300w\" sizes=\"auto, (max-width: 237px) 100vw, 237px\" \/><\/a><p id=\"caption-attachment-571\" class=\"wp-caption-text\">FAIRER KEHRER, Samba-Karneval 2013<\/p><\/div>\n<p>Wenn die Idee soweit klar ist: Das Recycling des Hutes des letzten Jahres kann in Angriff genommen werden: Im letzten Jahr noch ein FAIRER KEHRER in der Themenwelt der FAIRkehrten Welt, so wird die Transformation desselben nun n\u00f6tig sein. Warum? Weil es f\u00fcr mich als Autor wenig sinnvoll ist, in einem Museum zu leben und mich mit der Vergangenheit zu umgeben. Die Archivierung des Materials kann platzsparend digitalisiert stattfinden, s. Abbildung.<\/p>\n<p>&nbsp;<\/p>\n<p>&nbsp;<\/p>\n<p><strong>Im Atelier geht es drunter und dr\u00fcber<\/strong><\/p>\n<div id=\"attachment_564\" style=\"width: 333px\" class=\"wp-caption alignright\"><a href=\"https:\/\/artistdesign.de\/blog\/wp-content\/uploads\/2014\/01\/Haus_3ecke_Chaos_Atelier_02-scharf_25pro.jpg\"><img loading=\"lazy\" decoding=\"async\" aria-describedby=\"caption-attachment-564\" class=\"size-full wp-image-564\" title=\"Das Heim im Ateilier-Chaos\" src=\"https:\/\/artistdesign.de\/blog\/wp-content\/uploads\/2014\/01\/Haus_3ecke_Chaos_Atelier_02-scharf_25pro.jpg\" alt=\"Das Heim im Ateilier-Chaos\" width=\"323\" height=\"242\" srcset=\"https:\/\/artistdesign.de\/blog\/wp-content\/uploads\/2014\/01\/Haus_3ecke_Chaos_Atelier_02-scharf_25pro.jpg 856w, https:\/\/artistdesign.de\/blog\/wp-content\/uploads\/2014\/01\/Haus_3ecke_Chaos_Atelier_02-scharf_25pro-300x225.jpg 300w, https:\/\/artistdesign.de\/blog\/wp-content\/uploads\/2014\/01\/Haus_3ecke_Chaos_Atelier_02-scharf_25pro-400x300.jpg 400w\" sizes=\"auto, (max-width: 323px) 100vw, 323px\" \/><\/a><p id=\"caption-attachment-564\" class=\"wp-caption-text\">Das Heim im Ateilier-Chaos<\/p><\/div>\n<p>Hier und da schauen, vorstellen, ent- und verwerfen, probieren, Materialien untersuchen und optimieren, Haltetechniken nutzen. Der Kehrer, der Besen muss weg, um durch ein einfach aufzubauendens Blockhaus ersetzt werden zu k\u00f6nnen. Die Grundform ist recht einfach: Ein prismatischer K\u00f6rper aus dem Profil einer Hausform mit einer &#8218;tragbaren&#8216; (Hut-)L\u00e4nge.<\/p>\n<p>&nbsp;<\/p>\n<p><strong>Das Heim nimmt Gestalt an<\/strong><\/p>\n<p><a href=\"https:\/\/artistdesign.de\/blog\/wp-content\/uploads\/2014\/01\/Heimat_Hut_Baisis_07_25pro.jpg\"><img loading=\"lazy\" decoding=\"async\" class=\"size-full wp-image-577\" title=\"Heimat-Hut-Basis-Front\" src=\"https:\/\/artistdesign.de\/blog\/wp-content\/uploads\/2014\/01\/Heimat_Hut_Baisis_07_25pro.jpg\" alt=\"Heimat-Hut-Basis-Front\" width=\"252\" height=\"189\" srcset=\"https:\/\/artistdesign.de\/blog\/wp-content\/uploads\/2014\/01\/Heimat_Hut_Baisis_07_25pro.jpg 824w, https:\/\/artistdesign.de\/blog\/wp-content\/uploads\/2014\/01\/Heimat_Hut_Baisis_07_25pro-300x225.jpg 300w, https:\/\/artistdesign.de\/blog\/wp-content\/uploads\/2014\/01\/Heimat_Hut_Baisis_07_25pro-400x300.jpg 400w\" sizes=\"auto, (max-width: 252px) 100vw, 252px\" \/><\/a><br \/>\nLangsam, aber stetig n\u00e4hrt sich das Eichh\u00f6rnchen. Der Kopfschmuck ist bereinigt und erneuert, durch grob angelegte Blockh\u00e4user (Mein Block, mein Blog, mein Blockheizkraftwerk) erg\u00e4nzt.<br \/>\nDie zwei Richtungen, die Horizontale und die Vertikale, halten einander in filigraner Balance. Die Kraft der Schwere versucht, herunterziehend zu wirken.<br \/>\n<a href=\"https:\/\/artistdesign.de\/blog\/wp-content\/uploads\/2014\/01\/Heimat_Hut_Baisis_09_25pro.jpg\"><img loading=\"lazy\" decoding=\"async\" class=\"alignleft size-full wp-image-578\" title=\"Heimat-Hut-Basis-Seitlich\" src=\"https:\/\/artistdesign.de\/blog\/wp-content\/uploads\/2014\/01\/Heimat_Hut_Baisis_09_25pro.jpg\" alt=\"Heimat-Hut-Basis-Seitlich\" width=\"912\" height=\"684\" srcset=\"https:\/\/artistdesign.de\/blog\/wp-content\/uploads\/2014\/01\/Heimat_Hut_Baisis_09_25pro.jpg 912w, https:\/\/artistdesign.de\/blog\/wp-content\/uploads\/2014\/01\/Heimat_Hut_Baisis_09_25pro-300x225.jpg 300w, https:\/\/artistdesign.de\/blog\/wp-content\/uploads\/2014\/01\/Heimat_Hut_Baisis_09_25pro-400x300.jpg 400w\" sizes=\"auto, (max-width: 912px) 100vw, 912px\" \/><\/a><br \/>\n<strong>Das Heim wird zur globalen Heimat<\/strong><br \/>\n<a href=\"https:\/\/artistdesign.de\/blog\/wp-content\/uploads\/2014\/01\/Heimat_Hut_HomeOfficer_R_02.jpg\"><img loading=\"lazy\" decoding=\"async\" class=\"alignleft size-full wp-image-584\" title=\"Samba Heimat Hut Home Officer\" src=\"https:\/\/artistdesign.de\/blog\/wp-content\/uploads\/2014\/01\/Heimat_Hut_HomeOfficer_R_02.jpg\" alt=\"Samba Heimat Hut Home Officer\" width=\"3254\" height=\"2440\" srcset=\"https:\/\/artistdesign.de\/blog\/wp-content\/uploads\/2014\/01\/Heimat_Hut_HomeOfficer_R_02.jpg 3254w, https:\/\/artistdesign.de\/blog\/wp-content\/uploads\/2014\/01\/Heimat_Hut_HomeOfficer_R_02-300x224.jpg 300w, https:\/\/artistdesign.de\/blog\/wp-content\/uploads\/2014\/01\/Heimat_Hut_HomeOfficer_R_02-1024x767.jpg 1024w, https:\/\/artistdesign.de\/blog\/wp-content\/uploads\/2014\/01\/Heimat_Hut_HomeOfficer_R_02-400x300.jpg 400w\" sizes=\"auto, (max-width: 3254px) 100vw, 3254px\" \/><\/a>Der Kopf ist jetzt nicht mehr frei, sondern besetzt durch ein heimisches Ambiente:<br \/>\nDer Tr\u00e4ger des&nbsp; Kopf-Bekleidung ist endlich zu Hause angekommen, er befindet sich @Home.<br \/>\nAls Home Officer betreibt er alle Spielarten moderner globaler Heimat. Er lebt heute in seinem seit den 1960er Jahren vorgestellten, nun real existierendem Global Village. Alle sind versammelt an ihren Computern unterschiedlichster Spielart: Station\u00e4re und mobile Rechner \u00fcbernehmen alle Formen moderner Kommunikation, Information, Infotainment, Edutainment. At Home ist alles m\u00f6glich, der Home Officer ist \u00fcberall und nirgends, nowhere and now here.<\/p>\n<p><img loading=\"lazy\" decoding=\"async\" style=\"background-color: transparent;\" title=\"Minha Dan\u00e7a, 2014, zum Thema 'Heimat\" src=\"https:\/\/www.clemens-raphael.de\/minha-danca\/images\/carnevalHB14\/umzug_heimat\/md_HEIMAT-2014_Umzug-_O-Weg_Gruppe.jpg\" alt=\"Minha Dan\u00e7a, 2014, zum Thema 'Heimat\" width=\"580\" height=\"421\"><\/p>\n<p>Im obigen Bild sehen wir das Ergebnis: Ein Teil der Gruppe erinnert an Zebras mit der typischen gro\u00dffl\u00e4chigen organischen Streifenbildung in Schwarz-Wei\u00df. Ein anderer Teil der Gruppe erscheint in einem verkleinerten Zebra-Muster, das in seiner Dimensionierung schon als Grauwert fungiert. Der Home Officer (Quotenmann) im Silberglanz mit Akzentfarben, vor allem Rot, l\u00e4sst sich nicht beirren von so viel wilder Weiblichkeit in Schwarz-Wei\u00df oder gar Schwarz-Gr\u00fcn.<br \/>\nMit anderen Worten: es kommt alles anders als geplant und jedes noch so einfallsreiches Motto zum Karneval wird wie immer mit gr\u00f6\u00dfter Beliebigkeit ausgestaltet gleich ignoriert: Zitat nicht genannter Karnevalakteure: &#8218;Ist mir doch egal, wie das aktuelle Thema hei\u00dft, Hauptsache, es bringt ein bisschen Spa\u00df und Farbe in die kalte Jahreszeit&#8216;.<\/p>\n<p><a title=\"Die Heimat des Sambakarnevals kommt n\u00e4her\" href=\"https:\/\/artistdesign.de\/blog\/die-heimat-kommt-naeher\">\u25c0 Zur\u00fcck zum N\u00e4herkommen der Heimat&nbsp;&nbsp; <\/a><a title=\"Entwurf und Realisation der Heimat\"><br \/>\n<\/a><a title=\"Bremer Samba-Karneval, Motto \u2018HEIMAT\u2019\" href=\"https:\/\/artistdesign.de\/blog\/samba-karneval-heimat\">\u25c0 <\/a><a title=\"Bremer Samba-Karneval, Motto \u2018HEIMAT\u2019\" href=\"https:\/\/artistdesign.de\/blog\/samba-karneval-heimat\">\u25c0 Zur\u00fcck zu den ersten heimatlichen \u00dcberlegungen&nbsp;<\/a><\/p>\n","protected":false},"excerpt":{"rendered":"<p>Irgendwann r\u00fcckt der Termin des Karnevals n\u00e4her und es muss gehandelt, nicht nur diskutiert, ent- und verworfen werden. Die Heimat des Karnevals liegt im Realisieren. Das Zebra schaut zu, w\u00e4hrend andere Entw\u00fcrfe es in Frage stellen. . &nbsp; &nbsp; &nbsp; &nbsp; &nbsp; Ich werde das Logo sein: Es geht weiter mit der Heimat. Ein Visual,&hellip; <br \/> <a class=\"read-more\" href=\"https:\/\/artistdesign.de\/blog\/entwurf-samba-heimat\">Weiterlesen<\/a><\/p>\n","protected":false},"author":2,"featured_media":0,"parent":0,"menu_order":0,"comment_status":"open","ping_status":"closed","template":"sidebar-page.php","meta":{"ngg_post_thumbnail":0,"footnotes":""},"class_list":["post-558","page","type-page","status-publish","hentry"],"_links":{"self":[{"href":"https:\/\/artistdesign.de\/blog\/wp-json\/wp\/v2\/pages\/558","targetHints":{"allow":["GET"]}}],"collection":[{"href":"https:\/\/artistdesign.de\/blog\/wp-json\/wp\/v2\/pages"}],"about":[{"href":"https:\/\/artistdesign.de\/blog\/wp-json\/wp\/v2\/types\/page"}],"author":[{"embeddable":true,"href":"https:\/\/artistdesign.de\/blog\/wp-json\/wp\/v2\/users\/2"}],"replies":[{"embeddable":true,"href":"https:\/\/artistdesign.de\/blog\/wp-json\/wp\/v2\/comments?post=558"}],"version-history":[{"count":32,"href":"https:\/\/artistdesign.de\/blog\/wp-json\/wp\/v2\/pages\/558\/revisions"}],"predecessor-version":[{"id":2306,"href":"https:\/\/artistdesign.de\/blog\/wp-json\/wp\/v2\/pages\/558\/revisions\/2306"}],"wp:attachment":[{"href":"https:\/\/artistdesign.de\/blog\/wp-json\/wp\/v2\/media?parent=558"}],"curies":[{"name":"wp","href":"https:\/\/api.w.org\/{rel}","templated":true}]}}