{"id":71,"date":"2011-12-30T21:08:42","date_gmt":"2011-12-30T21:08:42","guid":{"rendered":"http:\/\/artistdesign.de\/blog\/?page_id=71"},"modified":"2017-08-02T19:52:26","modified_gmt":"2017-08-02T19:52:26","slug":"preliminary-artwork","status":"publish","type":"page","link":"https:\/\/artistdesign.de\/blog\/preliminary-artwork","title":{"rendered":"jul Preliminary Check-Up"},"content":{"rendered":"<p>Ungleichgeschlechtliche Begegnung nach dem Sonnenuntergang: Mann in blau, Frau in rot, die Ann\u00e4herung kann beginnen. Doch halt: Vorgespr\u00e4chstherapie ist absolut notwendig vor Aufnahme einer Beziehung. Besprechen, er\u00f6rtern, abw\u00e4gen, debattieren.<\/p>\n<div style=\"width: 986px\" class=\"wp-caption alignleft\"><a href=\"https:\/\/artistdesign.de\/blog\/wp-content\/uploads\/2012\/01\/Vorgespraechstherapie_Approx.jpg\"><img loading=\"lazy\" decoding=\"async\" class=\"alignleft size-full wp-image-136\" title=\"Vorgespr\u00e4chstherapie beziehungsweise Approximation | Preliminary treatment for approximation\" src=\"https:\/\/artistdesign.de\/blog\/wp-content\/uploads\/2012\/01\/Vorgespraechstherapie_Approx.jpg\" alt=\"\" width=\"976\" height=\"591\" srcset=\"https:\/\/artistdesign.de\/blog\/wp-content\/uploads\/2012\/01\/Vorgespraechstherapie_Approx.jpg 976w, https:\/\/artistdesign.de\/blog\/wp-content\/uploads\/2012\/01\/Vorgespraechstherapie_Approx-300x181.jpg 300w, https:\/\/artistdesign.de\/blog\/wp-content\/uploads\/2012\/01\/Vorgespraechstherapie_Approx-495x300.jpg 495w\" sizes=\"auto, (max-width: 976px) 100vw, 976px\" \/><\/a><p class=\"wp-caption-text\">Vorgespr\u00e4chstherapie beziehungsweise Approximation | Preliminary treatment for approximation<\/p><\/div>\n<p>Blind date after sunset: Man in blue, lady in red, they should get closer. But wait: Preliminary discussion therapy is absolutely necessary before starting a relationship. Talk, consider, criticise, debate.<\/p>\n<p><a title=\"June Primeval Artwork\" href=\"https:\/\/artistdesign.de\/blog\/primeval-artwork\">\u25c0<\/a> PREV\u00a0 \u263c\u00a0 NEXT <a title=\"August Tourists Artwork\" href=\"https:\/\/artistdesign.de\/blog\/aquatour\">\u25ba<\/a><\/p>\n","protected":false},"excerpt":{"rendered":"<p>Ungleichgeschlechtliche Begegnung nach dem Sonnenuntergang: Mann in blau, Frau in rot, die Ann\u00e4herung kann beginnen. Doch halt: Vorgespr\u00e4chstherapie ist absolut notwendig vor Aufnahme einer Beziehung. Besprechen, er\u00f6rtern, abw\u00e4gen, debattieren. Blind date after sunset: Man in blue, lady in red, they should get closer. But wait: Preliminary discussion therapy is absolutely necessary before starting a relationship.&hellip; <br \/> <a class=\"read-more\" href=\"https:\/\/artistdesign.de\/blog\/preliminary-artwork\">Weiterlesen<\/a><\/p>\n","protected":false},"author":1,"featured_media":0,"parent":0,"menu_order":0,"comment_status":"open","ping_status":"closed","template":"sidebar-page.php","meta":{"ngg_post_thumbnail":0,"footnotes":""},"class_list":["post-71","page","type-page","status-publish","hentry"],"_links":{"self":[{"href":"https:\/\/artistdesign.de\/blog\/wp-json\/wp\/v2\/pages\/71","targetHints":{"allow":["GET"]}}],"collection":[{"href":"https:\/\/artistdesign.de\/blog\/wp-json\/wp\/v2\/pages"}],"about":[{"href":"https:\/\/artistdesign.de\/blog\/wp-json\/wp\/v2\/types\/page"}],"author":[{"embeddable":true,"href":"https:\/\/artistdesign.de\/blog\/wp-json\/wp\/v2\/users\/1"}],"replies":[{"embeddable":true,"href":"https:\/\/artistdesign.de\/blog\/wp-json\/wp\/v2\/comments?post=71"}],"version-history":[{"count":12,"href":"https:\/\/artistdesign.de\/blog\/wp-json\/wp\/v2\/pages\/71\/revisions"}],"predecessor-version":[{"id":1330,"href":"https:\/\/artistdesign.de\/blog\/wp-json\/wp\/v2\/pages\/71\/revisions\/1330"}],"wp:attachment":[{"href":"https:\/\/artistdesign.de\/blog\/wp-json\/wp\/v2\/media?parent=71"}],"curies":[{"name":"wp","href":"https:\/\/api.w.org\/{rel}","templated":true}]}}