{"id":79,"date":"2011-12-30T21:23:28","date_gmt":"2011-12-30T21:23:28","guid":{"rendered":"http:\/\/artistdesign.de\/blog\/?page_id=79"},"modified":"2014-06-23T18:33:32","modified_gmt":"2014-06-23T18:33:32","slug":"hibernation-artwork","status":"publish","type":"page","link":"https:\/\/artistdesign.de\/blog\/hibernation-artwork","title":{"rendered":"nov Hibernation Artwork"},"content":{"rendered":"<p>Eine Mumie wird aus ihrer Pyramide entwendet und findet sich ausgestellt in einem nordeurop\u00e4ischen Museum wieder. Dort zu neuem, ungewollten Leben erwacht, bricht sie sofort aus, um eine ad\u00e4quate Ruhest\u00e4tte zu finden. Nach langer, erm\u00fcdender Wanderschaft lehnt sie eine Pyramide aus Warnschildern ab, da diese ihr zu auff\u00e4llig ist. Stattdessen findet sie ein w\u00fcrfelf\u00f6rmiges Hotel und beginnt sofort, ihren Schlaf, diesmal im nordischen Winter, wieder aufzunehmen.<\/p>\n<div style=\"width: 986px\" class=\"wp-caption alignleft\"><a href=\"https:\/\/artistdesign.de\/blog\/wp-content\/uploads\/2012\/01\/MumienHotel.jpg\"><img loading=\"lazy\" decoding=\"async\" class=\"alignleft size-full wp-image-131\" title=\"Mumie im Winterschlaf, falsch geparkt | Mummy in hibernation, parked illegally\" src=\"https:\/\/artistdesign.de\/blog\/wp-content\/uploads\/2012\/01\/MumienHotel.jpg\" alt=\"\" width=\"976\" height=\"591\" srcset=\"https:\/\/artistdesign.de\/blog\/wp-content\/uploads\/2012\/01\/MumienHotel.jpg 976w, https:\/\/artistdesign.de\/blog\/wp-content\/uploads\/2012\/01\/MumienHotel-300x181.jpg 300w, https:\/\/artistdesign.de\/blog\/wp-content\/uploads\/2012\/01\/MumienHotel-495x300.jpg 495w\" sizes=\"auto, (max-width: 976px) 100vw, 976px\" \/><\/a><p class=\"wp-caption-text\">Mumie im Winterschlaf, falsch geparkt | Mummy in hibernation, parked illegally<\/p><\/div>\n<p>A mummy is stolen from its pyramid and finds itself drawn back exhibited in a northern European museum. There it comes to new, unwanted life, it breaks out immediately to find an appropriate resting place. After a long, tiring travel, it gets a vision of a pyramid made of warning signs. But the mummy rejects this sleeping site, because it is too conspicuous.<br \/>\nInstead, it discovers a cube-shaped hotel and immediately resumes its sleep, now in the northern winter.<\/p>\n<p><a title=\"October Inline Artwork\" href=\"https:\/\/artistdesign.de\/blog\/inline-artwork\">\u25c0<\/a> PREV\u00a0 \u263c\u00a0 NEXT <a title=\"December Fireworkday Artwork\" href=\"https:\/\/artistdesign.de\/blog\/fireworkday\">\u25ba<\/a><\/p>\n","protected":false},"excerpt":{"rendered":"<p>Eine Mumie wird aus ihrer Pyramide entwendet und findet sich ausgestellt in einem nordeurop\u00e4ischen Museum wieder. Dort zu neuem, ungewollten Leben erwacht, bricht sie sofort aus, um eine ad\u00e4quate Ruhest\u00e4tte zu finden. Nach langer, erm\u00fcdender Wanderschaft lehnt sie eine Pyramide aus Warnschildern ab, da diese ihr zu auff\u00e4llig ist. Stattdessen findet sie ein w\u00fcrfelf\u00f6rmiges Hotel&hellip; <br \/> <a class=\"read-more\" href=\"https:\/\/artistdesign.de\/blog\/hibernation-artwork\">Weiterlesen<\/a><\/p>\n","protected":false},"author":1,"featured_media":0,"parent":0,"menu_order":0,"comment_status":"open","ping_status":"closed","template":"sidebar-page.php","meta":{"ngg_post_thumbnail":0,"footnotes":""},"class_list":["post-79","page","type-page","status-publish","hentry"],"_links":{"self":[{"href":"https:\/\/artistdesign.de\/blog\/wp-json\/wp\/v2\/pages\/79","targetHints":{"allow":["GET"]}}],"collection":[{"href":"https:\/\/artistdesign.de\/blog\/wp-json\/wp\/v2\/pages"}],"about":[{"href":"https:\/\/artistdesign.de\/blog\/wp-json\/wp\/v2\/types\/page"}],"author":[{"embeddable":true,"href":"https:\/\/artistdesign.de\/blog\/wp-json\/wp\/v2\/users\/1"}],"replies":[{"embeddable":true,"href":"https:\/\/artistdesign.de\/blog\/wp-json\/wp\/v2\/comments?post=79"}],"version-history":[{"count":10,"href":"https:\/\/artistdesign.de\/blog\/wp-json\/wp\/v2\/pages\/79\/revisions"}],"predecessor-version":[{"id":794,"href":"https:\/\/artistdesign.de\/blog\/wp-json\/wp\/v2\/pages\/79\/revisions\/794"}],"wp:attachment":[{"href":"https:\/\/artistdesign.de\/blog\/wp-json\/wp\/v2\/media?parent=79"}],"curies":[{"name":"wp","href":"https:\/\/api.w.org\/{rel}","templated":true}]}}