{"id":870,"date":"2014-12-07T19:58:36","date_gmt":"2014-12-07T19:58:36","guid":{"rendered":"http:\/\/artistdesign.de\/blog\/?page_id=870"},"modified":"2015-04-02T21:23:53","modified_gmt":"2015-04-02T21:23:53","slug":"medialesung","status":"publish","type":"page","link":"https:\/\/artistdesign.de\/blog\/medialesung","title":{"rendered":"apr Lectura Medial"},"content":{"rendered":"<p>Eindr\u00fccke dr\u00e4ngen sich auf und ein.<br \/>\nGer\u00e4usch- und Wortfetzen kommen und gehen.<br \/>\nEin Sein sinnt Sinn.<\/p>\n<div id=\"attachment_389\" style=\"width: 594px\" class=\"wp-caption alignleft\"><a href=\"https:\/\/artistdesign.de\/blog\/wp-content\/uploads\/2014\/12\/Medialesung.jpg\"><img loading=\"lazy\" decoding=\"async\" aria-describedby=\"caption-attachment-389\" class=\"alignleft size-large wp-image-841\" title=\"Mediale Lesung | Mediumistic Lesson | Lectura Medial\" src=\"https:\/\/artistdesign.de\/blog\/wp-content\/uploads\/2014\/12\/Medialesung-1024x627.jpg\" alt=\"Mediale Lesung | Mediumistic Lesson | Lectura Medial\" width=\"584\" height=\"357\" srcset=\"https:\/\/artistdesign.de\/blog\/wp-content\/uploads\/2014\/12\/Medialesung-1024x627.jpg 1024w, https:\/\/artistdesign.de\/blog\/wp-content\/uploads\/2014\/12\/Medialesung-300x183.jpg 300w, https:\/\/artistdesign.de\/blog\/wp-content\/uploads\/2014\/12\/Medialesung-489x300.jpg 489w\" sizes=\"auto, (max-width: 584px) 100vw, 584px\" \/><\/a><p id=\"caption-attachment-389\" class=\"wp-caption-text\">Mediale Lesung | Mediumistic Lesson | Lectura Medial<\/p><\/div>\n<p>138 x 95 cm | Collage und Mischtechnik auf Karton | Collage and mixed media on carton | Collage y t\u00e9cnica mixta sobre cart\u00f3n | ca. 1985<\/p>\n<p><a title=\"mar Villa of Incompetence\" href=\"https:\/\/artistdesign.de\/blog\/villa-inkompetenz\">\u25c0<\/a> PREV\u00a0 \u263c\u00a0 NEXT <a title=\"may Meditation\" href=\"https:\/\/artistdesign.de\/blog\/mediatio\">\u25ba<\/a><\/p>\n<p>Auf <a title=\"Mediale Lesung | Mediumistic Lesson | Lectura Medial\" href=\"http:\/\/www.artflakes.com\/de\/products\/mediale-lesung---mediumistic-lesson---lectura-medial\" target=\"_blank\">ARTFLAKES<\/a> l\u00e4sst sich dieses Bild als Poster, Kunstdruck oder Gru\u00dfkarte kaufen!<\/p>\n","protected":false},"excerpt":{"rendered":"<p>Eindr\u00fccke dr\u00e4ngen sich auf und ein. Ger\u00e4usch- und Wortfetzen kommen und gehen. Ein Sein sinnt Sinn. 138 x 95 cm | Collage und Mischtechnik auf Karton | Collage and mixed media on carton | Collage y t\u00e9cnica mixta sobre cart\u00f3n | ca. 1985 \u25c0 PREV\u00a0 \u263c\u00a0 NEXT \u25ba Auf ARTFLAKES l\u00e4sst sich dieses Bild als&hellip; <br \/> <a class=\"read-more\" href=\"https:\/\/artistdesign.de\/blog\/medialesung\">Weiterlesen<\/a><\/p>\n","protected":false},"author":2,"featured_media":0,"parent":0,"menu_order":0,"comment_status":"open","ping_status":"closed","template":"sidebar-page.php","meta":{"ngg_post_thumbnail":0,"footnotes":""},"class_list":["post-870","page","type-page","status-publish","hentry"],"_links":{"self":[{"href":"https:\/\/artistdesign.de\/blog\/wp-json\/wp\/v2\/pages\/870","targetHints":{"allow":["GET"]}}],"collection":[{"href":"https:\/\/artistdesign.de\/blog\/wp-json\/wp\/v2\/pages"}],"about":[{"href":"https:\/\/artistdesign.de\/blog\/wp-json\/wp\/v2\/types\/page"}],"author":[{"embeddable":true,"href":"https:\/\/artistdesign.de\/blog\/wp-json\/wp\/v2\/users\/2"}],"replies":[{"embeddable":true,"href":"https:\/\/artistdesign.de\/blog\/wp-json\/wp\/v2\/comments?post=870"}],"version-history":[{"count":5,"href":"https:\/\/artistdesign.de\/blog\/wp-json\/wp\/v2\/pages\/870\/revisions"}],"predecessor-version":[{"id":895,"href":"https:\/\/artistdesign.de\/blog\/wp-json\/wp\/v2\/pages\/870\/revisions\/895"}],"wp:attachment":[{"href":"https:\/\/artistdesign.de\/blog\/wp-json\/wp\/v2\/media?parent=870"}],"curies":[{"name":"wp","href":"https:\/\/api.w.org\/{rel}","templated":true}]}}