{"id":873,"date":"2014-12-07T20:03:30","date_gmt":"2014-12-07T20:03:30","guid":{"rendered":"http:\/\/artistdesign.de\/blog\/?page_id=873"},"modified":"2015-05-01T11:15:45","modified_gmt":"2015-05-01T11:15:45","slug":"mediation","status":"publish","type":"page","link":"https:\/\/artistdesign.de\/blog\/mediation","title":{"rendered":"may Meditation"},"content":{"rendered":"<p>Versenke dich in dein Sein<br \/>\nBleibe in der Stille<br \/>\nEntlasse die inneren Gegenstimmen<\/p>\n<div class=\"mceTemp\">\n<div id=\"attachment_842\" style=\"width: 594px\" class=\"wp-caption alignleft\"><a href=\"https:\/\/artistdesign.de\/blog\/wp-content\/uploads\/2014\/12\/Medi-T-K-ation.jpg\"><img loading=\"lazy\" decoding=\"async\" aria-describedby=\"caption-attachment-842\" class=\"size-large wp-image-842\" title=\"Meditation | Mediation | Medikation\" src=\"https:\/\/artistdesign.de\/blog\/wp-content\/uploads\/2014\/12\/Medi-T-K-ation-1024x627.jpg\" alt=\"Meditation | Mediation | Medikation\" width=\"584\" height=\"357\" srcset=\"https:\/\/artistdesign.de\/blog\/wp-content\/uploads\/2014\/12\/Medi-T-K-ation-1024x627.jpg 1024w, https:\/\/artistdesign.de\/blog\/wp-content\/uploads\/2014\/12\/Medi-T-K-ation-300x183.jpg 300w, https:\/\/artistdesign.de\/blog\/wp-content\/uploads\/2014\/12\/Medi-T-K-ation-489x300.jpg 489w\" sizes=\"auto, (max-width: 584px) 100vw, 584px\" \/><\/a><p id=\"caption-attachment-842\" class=\"wp-caption-text\">  Meditation | Mediation | Medikation<\/p><\/div>\n<\/div>\n<p>138 x 95 cm | Airbrush auf Karton | Airbrus on carton | Airbrus sobre cart\u00f3n | ca. 1985<\/p>\n<p>My may meditation<br \/>\nmeans multidimensional mediation<br \/>\nmissing massive medication<\/p>\n<p>Auf <a href=\"http:\/\/www.artflakes.com\/de\/products\/meditation---mediation---medikation\" target=\"_blank\">ARTFLAKES <\/a>l\u00e4sst sich dieses Opus als Poster, Kunstdruck oder Gru\u00dfkarte kaufen!<br \/>\nGet this artwork as poster, art print or canvas print on <a href=\"http:\/\/www.artflakes.com\/de\/products\/meditation---mediation---medikation\" target=\"_blank\">ARTFLAKES<\/a>!<\/p>\n<p><a title=\"apr Lectura Medial\" href=\"https:\/\/artistdesign.de\/blog\/medialesung\">\u25c0<\/a> PREV\u00a0 \u263c\u00a0 NEXT <a title=\"jun Augebogen\" href=\"https:\/\/artistdesign.de\/blog\/augebogen\">\u25ba<\/a><\/p>\n<p>&nbsp;<\/p>\n","protected":false},"excerpt":{"rendered":"<p>Versenke dich in dein Sein Bleibe in der Stille Entlasse die inneren Gegenstimmen 138 x 95 cm | Airbrush auf Karton | Airbrus on carton | Airbrus sobre cart\u00f3n | ca. 1985 My may meditation means multidimensional mediation missing massive medication Auf ARTFLAKES l\u00e4sst sich dieses Opus als Poster, Kunstdruck oder Gru\u00dfkarte kaufen! Get this&hellip; <br \/> <a class=\"read-more\" href=\"https:\/\/artistdesign.de\/blog\/mediation\">Weiterlesen<\/a><\/p>\n","protected":false},"author":2,"featured_media":0,"parent":0,"menu_order":0,"comment_status":"open","ping_status":"closed","template":"sidebar-page.php","meta":{"ngg_post_thumbnail":0,"footnotes":""},"class_list":["post-873","page","type-page","status-publish","hentry"],"_links":{"self":[{"href":"https:\/\/artistdesign.de\/blog\/wp-json\/wp\/v2\/pages\/873","targetHints":{"allow":["GET"]}}],"collection":[{"href":"https:\/\/artistdesign.de\/blog\/wp-json\/wp\/v2\/pages"}],"about":[{"href":"https:\/\/artistdesign.de\/blog\/wp-json\/wp\/v2\/types\/page"}],"author":[{"embeddable":true,"href":"https:\/\/artistdesign.de\/blog\/wp-json\/wp\/v2\/users\/2"}],"replies":[{"embeddable":true,"href":"https:\/\/artistdesign.de\/blog\/wp-json\/wp\/v2\/comments?post=873"}],"version-history":[{"count":10,"href":"https:\/\/artistdesign.de\/blog\/wp-json\/wp\/v2\/pages\/873\/revisions"}],"predecessor-version":[{"id":929,"href":"https:\/\/artistdesign.de\/blog\/wp-json\/wp\/v2\/pages\/873\/revisions\/929"}],"wp:attachment":[{"href":"https:\/\/artistdesign.de\/blog\/wp-json\/wp\/v2\/media?parent=873"}],"curies":[{"name":"wp","href":"https:\/\/api.w.org\/{rel}","templated":true}]}}