{"id":884,"date":"2014-12-07T20:26:47","date_gmt":"2014-12-07T20:26:47","guid":{"rendered":"http:\/\/artistdesign.de\/blog\/?page_id=884"},"modified":"2021-12-06T11:02:29","modified_gmt":"2021-12-06T11:02:29","slug":"treasure-hunter","status":"publish","type":"page","link":"https:\/\/artistdesign.de\/blog\/treasure-hunter","title":{"rendered":"sep Schatzsuchende Rothaut"},"content":{"rendered":"<p>Suche nach Gl\u00fcck<br \/>\nSuche nach Schatz<br \/>\nSuche nach Geld<\/p>\n<p>Kapital f\u00fcr die Welt<br \/>\nGold f\u00fcr die Katz<br \/>\nmacht dich verr\u00fcckt<\/p>\n<div id=\"attachment_388\" style=\"width: 594px\" class=\"wp-caption alignleft\"><a href=\"https:\/\/artistdesign.de\/blog\/wp-content\/uploads\/2014\/12\/Roter-Schatz.jpg\"><img loading=\"lazy\" decoding=\"async\" aria-describedby=\"caption-attachment-388\" class=\"alignleft size-large wp-image-844\" title=\"Schatzsuchende Rothaut | Red-skinned Treasure Hunter\" src=\"https:\/\/artistdesign.de\/blog\/wp-content\/uploads\/2014\/12\/Roter-Schatz-1024x627.jpg\" alt=\"Buscador rojo de Tesoros\" width=\"584\" height=\"357\" srcset=\"https:\/\/artistdesign.de\/blog\/wp-content\/uploads\/2014\/12\/Roter-Schatz-1024x627.jpg 1024w, https:\/\/artistdesign.de\/blog\/wp-content\/uploads\/2014\/12\/Roter-Schatz-300x183.jpg 300w, https:\/\/artistdesign.de\/blog\/wp-content\/uploads\/2014\/12\/Roter-Schatz-489x300.jpg 489w\" sizes=\"auto, (max-width: 584px) 100vw, 584px\" \/><\/a><p id=\"caption-attachment-388\" class=\"wp-caption-text\">Schatzsuchende Rothaut | Red-skinned Treasure Hunter | Buscador rojo de Tesoros<\/p><\/div>\n<p>ca. 140 x 125 cm | Dispersion auf Papier | Dispersion on paper | Dispersi\u00f3n sobre papel | ca. 1986 | Digitally remastered 2014<\/p>\n<p>F\u00fcr alle, die nicht err\u00f6ten, wenn sie ihr lange gesuchtes Geld sinnvoll investieren m\u00f6chten: Auf <a title=\"Rothaut auf Artflakes\" href=\"http:\/\/www.artflakes.com\/de\/products\/schatzsuchende-rothaut---red-skinned-treasure-hunter---buscador-rojo-de-tesoros\" target=\"_blank\" rel=\"noopener noreferrer\">ARTFLAKES<\/a> l\u00e4sst sich dieses Opus als Poster, Kunstdruck oder Gru\u00dfkarte kaufen!<br \/>\nGet in touch with this artwork as a touchable poster, art print or canvas print on <a title=\"Red-skinned Hunter on Artflakes\" href=\"http:\/\/www.artflakes.com\/de\/products\/schatzsuchende-rothaut---red-skinned-treasure-hunter---buscador-rojo-de-tesoros\" target=\"_blank\" rel=\"noopener noreferrer\">ARTFLAKES<\/a>!<\/p>\n<p><a title=\"aug Sonnenwindfang\" href=\"https:\/\/artistdesign.de\/blog\/sonnenwindfang\">\u25c0<\/a> PREV&nbsp; \u263c&nbsp; NEXT <a title=\"oct Entflammenter Feuereifer\" href=\"https:\/\/artistdesign.de\/blog\/feuereifer\">\u25ba<\/a><\/p>\n","protected":false},"excerpt":{"rendered":"<p>Suche nach Gl\u00fcck Suche nach Schatz Suche nach Geld Kapital f\u00fcr die Welt Gold f\u00fcr die Katz macht dich verr\u00fcckt ca. 140 x 125 cm | Dispersion auf Papier | Dispersion on paper | Dispersi\u00f3n sobre papel | ca. 1986 | Digitally remastered 2014 F\u00fcr alle, die nicht err\u00f6ten, wenn sie ihr lange gesuchtes Geld&hellip; <br \/> <a class=\"read-more\" href=\"https:\/\/artistdesign.de\/blog\/treasure-hunter\">Weiterlesen<\/a><\/p>\n","protected":false},"author":2,"featured_media":0,"parent":0,"menu_order":0,"comment_status":"open","ping_status":"closed","template":"sidebar-page.php","meta":{"ngg_post_thumbnail":0,"footnotes":""},"class_list":["post-884","page","type-page","status-publish","hentry"],"_links":{"self":[{"href":"https:\/\/artistdesign.de\/blog\/wp-json\/wp\/v2\/pages\/884","targetHints":{"allow":["GET"]}}],"collection":[{"href":"https:\/\/artistdesign.de\/blog\/wp-json\/wp\/v2\/pages"}],"about":[{"href":"https:\/\/artistdesign.de\/blog\/wp-json\/wp\/v2\/types\/page"}],"author":[{"embeddable":true,"href":"https:\/\/artistdesign.de\/blog\/wp-json\/wp\/v2\/users\/2"}],"replies":[{"embeddable":true,"href":"https:\/\/artistdesign.de\/blog\/wp-json\/wp\/v2\/comments?post=884"}],"version-history":[{"count":6,"href":"https:\/\/artistdesign.de\/blog\/wp-json\/wp\/v2\/pages\/884\/revisions"}],"predecessor-version":[{"id":1856,"href":"https:\/\/artistdesign.de\/blog\/wp-json\/wp\/v2\/pages\/884\/revisions\/1856"}],"wp:attachment":[{"href":"https:\/\/artistdesign.de\/blog\/wp-json\/wp\/v2\/media?parent=884"}],"curies":[{"name":"wp","href":"https:\/\/api.w.org\/{rel}","templated":true}]}}