{"id":888,"date":"2014-12-07T20:34:21","date_gmt":"2014-12-07T20:34:21","guid":{"rendered":"http:\/\/artistdesign.de\/blog\/?page_id=888"},"modified":"2015-11-06T18:41:43","modified_gmt":"2015-11-06T18:41:43","slug":"geburt-guru","status":"publish","type":"page","link":"https:\/\/artistdesign.de\/blog\/geburt-guru","title":{"rendered":"nov Geburt des Guru"},"content":{"rendered":"<p>Die Leuchte leuchtet den Suchenden den Weg<br \/>\nDoch der Leuchter ist im Anti-Raum:<br \/>\nJe n\u00e4her sich die Suchenden dem Gesuchten glauben,<br \/>\ndesto weiter weg sind sie vom Erleuchteten.<br \/>\nDer einzige Weg zur Erleuchtung geht \u00fcber<br \/>\ndas Entz\u00fcnden ihres eigenen Lichtes,<br \/>\ndas sie aber nicht wahr-nehmen oder -haben wollen.<\/p>\n<div id=\"attachment_384\" style=\"width: 594px\" class=\"wp-caption alignleft\"><a href=\"https:\/\/artistdesign.de\/blog\/wp-content\/uploads\/2014\/12\/Geburt-Guru.jpg\"><img loading=\"lazy\" decoding=\"async\" aria-describedby=\"caption-attachment-384\" class=\"alignleft size-large wp-image-839\" title=\"Geburt des Guru im Gegenraum | Birth of the Guru in Anti-Space\" src=\"https:\/\/artistdesign.de\/blog\/wp-content\/uploads\/2014\/12\/Geburt-Guru-1024x627.jpg\" alt=\"Durante el nacimiento del gur\u00fa en el espacio contra\" width=\"584\" height=\"357\" srcset=\"https:\/\/artistdesign.de\/blog\/wp-content\/uploads\/2014\/12\/Geburt-Guru-1024x627.jpg 1024w, https:\/\/artistdesign.de\/blog\/wp-content\/uploads\/2014\/12\/Geburt-Guru-300x183.jpg 300w, https:\/\/artistdesign.de\/blog\/wp-content\/uploads\/2014\/12\/Geburt-Guru-489x300.jpg 489w\" sizes=\"auto, (max-width: 584px) 100vw, 584px\" \/><\/a><p id=\"caption-attachment-384\" class=\"wp-caption-text\">Geburt des Guru im Gegenraum | Birth of the Guru in Anti-Space | Durante el nacimiento del gur\u00fa en el espacio contra<\/p><\/div>\n<p>Dispersion auf Karton | Dispersion on carton | Dispersi\u00f3n sobre cart\u00f3n | ca. 1986<\/p>\n<p>Die Grundidee des Bildes war in der Zeit des Entstehens (80s), eine erleuchtende Guru-Situation zu skizzieren. Heutige Erkenntnis: Leuchte(nde Person) zeigt Strahlkraft, die anderen lassen sich beleuchten bis blenden. Aber nicht erleuchten, denn dazu muss das eigene, innere Licht wahrgenommen und willkommen gehei\u00dfen werden. Stehen zu viele \u00c4ngste und fixe Wahrnehmungsmuster vor dem wirkenden Sein = Schein, wird es nichts mit dem Begreifen desselben, die Wahrheit flutscht davon in einen perspektivischen Antiraum: Je gr\u00f6\u00dfer die Lichtimitation (Spiegelung des Lichtes des Gurus), desto schw\u00e4cher die eigene Flamme!<\/p>\n<p><a title=\"oct Entflammenter Feuereifer\" href=\"https:\/\/artistdesign.de\/blog\/feuereifer\">\u25c0<\/a> PREV\u00a0 \u263c\u00a0 NEXT <a title=\"dec Triviales Leuchten\" href=\"https:\/\/artistdesign.de\/blog\/trivialicht\">\u25ba<\/a><\/p>\n","protected":false},"excerpt":{"rendered":"<p>Die Leuchte leuchtet den Suchenden den Weg Doch der Leuchter ist im Anti-Raum: Je n\u00e4her sich die Suchenden dem Gesuchten glauben, desto weiter weg sind sie vom Erleuchteten. Der einzige Weg zur Erleuchtung geht \u00fcber das Entz\u00fcnden ihres eigenen Lichtes, das sie aber nicht wahr-nehmen oder -haben wollen. Dispersion auf Karton | Dispersion on carton&hellip; <br \/> <a class=\"read-more\" href=\"https:\/\/artistdesign.de\/blog\/geburt-guru\">Weiterlesen<\/a><\/p>\n","protected":false},"author":2,"featured_media":0,"parent":0,"menu_order":0,"comment_status":"open","ping_status":"closed","template":"sidebar-page.php","meta":{"ngg_post_thumbnail":0,"footnotes":""},"class_list":["post-888","page","type-page","status-publish","hentry"],"_links":{"self":[{"href":"https:\/\/artistdesign.de\/blog\/wp-json\/wp\/v2\/pages\/888","targetHints":{"allow":["GET"]}}],"collection":[{"href":"https:\/\/artistdesign.de\/blog\/wp-json\/wp\/v2\/pages"}],"about":[{"href":"https:\/\/artistdesign.de\/blog\/wp-json\/wp\/v2\/types\/page"}],"author":[{"embeddable":true,"href":"https:\/\/artistdesign.de\/blog\/wp-json\/wp\/v2\/users\/2"}],"replies":[{"embeddable":true,"href":"https:\/\/artistdesign.de\/blog\/wp-json\/wp\/v2\/comments?post=888"}],"version-history":[{"count":3,"href":"https:\/\/artistdesign.de\/blog\/wp-json\/wp\/v2\/pages\/888\/revisions"}],"predecessor-version":[{"id":1039,"href":"https:\/\/artistdesign.de\/blog\/wp-json\/wp\/v2\/pages\/888\/revisions\/1039"}],"wp:attachment":[{"href":"https:\/\/artistdesign.de\/blog\/wp-json\/wp\/v2\/media?parent=888"}],"curies":[{"name":"wp","href":"https:\/\/api.w.org\/{rel}","templated":true}]}}